{"id":14,"date":"2020-03-08T12:28:23","date_gmt":"2020-03-08T11:28:23","guid":{"rendered":"https:\/\/signum.notima.org\/wps\/?page_id=14"},"modified":"2023-07-17T09:48:05","modified_gmt":"2023-07-17T07:48:05","slug":"kontakt","status":"publish","type":"page","link":"https:\/\/energyintelligence.se\/nsi\/?page_id=14","title":{"rendered":"Kontakt"},"content":{"rendered":"\n<p>Vi finns strax s\u00f6der om Stockholm p\u00e5 nedan adress<\/p>\n\n\n\n<p>Notima Energy Intelligence AB<br>L\u00e4rjungev\u00e4gen 6<br>136 69 Vendels\u00f6<br>Tel: 08 409 04 951 (vardagar mellan kl 9:30 &#8211; 15:00)<\/p>\n\n\n\n<p>energy@notima.se<\/p>\n\n\n\n<p>Semesterst\u00e4ngt under 2023; 17 &#8211; 21 juli samt 31 juli &#8211; 4:e augusti<\/p>\n","protected":false},"excerpt":{"rendered":"<p>Vi finns strax s\u00f6der om Stockholm p\u00e5 nedan adress Notima Energy Intelligence ABL\u00e4rjungev\u00e4gen 6136 69 Vendels\u00f6Tel: 08 409 04 951 (vardagar mellan kl 9:30 &#8211; 15:00) energy@notima.se Semesterst\u00e4ngt under 2023; 17 &#8211; 21 juli samt 31 juli &#8211; 4:e augusti<\/p>\n","protected":false},"author":1,"featured_media":0,"parent":0,"menu_order":0,"comment_status":"closed","ping_status":"closed","template":"","meta":[],"_links":{"self":[{"href":"https:\/\/energyintelligence.se\/nsi\/index.php?rest_route=\/wp\/v2\/pages\/14"}],"collection":[{"href":"https:\/\/energyintelligence.se\/nsi\/index.php?rest_route=\/wp\/v2\/pages"}],"about":[{"href":"https:\/\/energyintelligence.se\/nsi\/index.php?rest_route=\/wp\/v2\/types\/page"}],"author":[{"embeddable":true,"href":"https:\/\/energyintelligence.se\/nsi\/index.php?rest_route=\/wp\/v2\/users\/1"}],"replies":[{"embeddable":true,"href":"https:\/\/energyintelligence.se\/nsi\/index.php?rest_route=%2Fwp%2Fv2%2Fcomments&post=14"}],"version-history":[{"count":7,"href":"https:\/\/energyintelligence.se\/nsi\/index.php?rest_route=\/wp\/v2\/pages\/14\/revisions"}],"predecessor-version":[{"id":101,"href":"https:\/\/energyintelligence.se\/nsi\/index.php?rest_route=\/wp\/v2\/pages\/14\/revisions\/101"}],"wp:attachment":[{"href":"https:\/\/energyintelligence.se\/nsi\/index.php?rest_route=%2Fwp%2Fv2%2Fmedia&parent=14"}],"curies":[{"name":"wp","href":"https:\/\/api.w.org\/{rel}","templated":true}]}}