{"id":2022,"date":"2023-11-22T21:44:08","date_gmt":"2023-11-22T19:44:08","guid":{"rendered":"https:\/\/energyintelligence.se\/shop\/?page_id=2022"},"modified":"2025-06-14T12:43:06","modified_gmt":"2025-06-14T10:43:06","slug":"om-oss","status":"publish","type":"page","link":"https:\/\/energyintelligence.se\/shop\/om-oss\/","title":{"rendered":"Om"},"content":{"rendered":"\n<p>V\u00e5r grundid\u00e9 \u00e4r att tillhandah\u00e5lla l\u00f6sningar inom energistyrning och lagring som s\u00e5 l\u00e5ngt som m\u00f6jligt \u00e4r oberoende av 3:e part och d\u00e4r slutkunden har kontroll \u00f6ver sin egen installation och data.<\/p>\n\n\n\n<p>Vi designar v\u00e5ra elm\u00e4taravl\u00e4sarkretsar sj\u00e4lva och skapar egen mjukvara f\u00f6r dessa.<\/p>\n\n\n\n<p>Vi bygger l\u00f6sningar \u00e4r baserade p\u00e5 \u00f6ppen programvara som inte l\u00e5ser dig till en specifik leverant\u00f6r, dvs du v\u00e4ljer sj\u00e4lv hur mycket tredje part (molnl\u00f6sningar) du vill anv\u00e4nda.<\/p>\n\n\n\n<p>V\u00e5ra l\u00f6sningar bygger p\u00e5 att de skall fungera \u00e4ven utan kontakt med internet och \u00f6vriga v\u00e4rlden.<\/p>\n\n\n\n<h2 class=\"wp-block-heading\">Varf\u00f6r oss?<\/h2>\n\n\n\n<p>Vi skyltar inte med v\u00e5ra kunder men vi har sedan start levererat till<\/p>\n\n\n\n<ul>\n<li>Privatkunder<\/li>\n\n\n\n<li>Elbolag<\/li>\n\n\n\n<li>Elinstallat\u00f6rer<\/li>\n\n\n\n<li>Sm\u00e5 och stora fastighets\u00e4gare (varav vissa b\u00f6rsnoterade)<\/li>\n\n\n\n<li>Prop-tech bolag (varv vissa b\u00f6rsnoterade)<\/li>\n\n\n\n<li>Start-ups inom energibranschen<\/li>\n\n\n\n<li>Sm\u00e5 och stora konsultbolag (varav vissa b\u00f6rsnoterade och internationella)<\/li>\n\n\n\n<li>Skidanl\u00e4ggningar<\/li>\n\n\n\n<li>Industri<\/li>\n\n\n\n<li>mfl.<\/li>\n<\/ul>\n","protected":false},"excerpt":{"rendered":"<p>V\u00e5r grundid\u00e9 \u00e4r att tillhandah\u00e5lla l\u00f6sningar inom energistyrning och lagring som s\u00e5 l\u00e5ngt som m\u00f6jligt \u00e4r oberoende av 3:e part och d\u00e4r slutkunden har kontroll \u00f6ver sin egen installation och data. Vi designar v\u00e5ra elm\u00e4taravl\u00e4sarkretsar sj\u00e4lva och skapar egen mjukvara f\u00f6r dessa. Vi bygger l\u00f6sningar \u00e4r baserade p\u00e5 \u00f6ppen programvara som inte l\u00e5ser dig till [&hellip;]<\/p>\n","protected":false},"author":3,"featured_media":0,"parent":0,"menu_order":0,"comment_status":"closed","ping_status":"closed","template":"","meta":{"footnotes":""},"yoast_head":"<!-- This site is optimized with the Yoast SEO plugin v21.7 - https:\/\/yoast.com\/wordpress\/plugins\/seo\/ -->\n<title>Om - Energy Intelligence<\/title>\n<meta name=\"description\" content=\"V\u00e5r grundid\u00e9 \u00e4r att tillhandah\u00e5lla l\u00f6sningar inom energistyrning och lagring som s\u00e5 l\u00e5ngt som m\u00f6jligt \u00e4r oberoende av 3:e part.\" \/>\n<meta name=\"robots\" content=\"index, follow, max-snippet:-1, max-image-preview:large, max-video-preview:-1\" \/>\n<link rel=\"canonical\" href=\"https:\/\/energyintelligence.se\/shop\/om-oss\/\" \/>\n<meta property=\"og:locale\" content=\"sv_SE\" \/>\n<meta property=\"og:type\" content=\"article\" \/>\n<meta property=\"og:title\" content=\"Om - Energy Intelligence\" \/>\n<meta property=\"og:description\" content=\"V\u00e5r grundid\u00e9 \u00e4r att tillhandah\u00e5lla l\u00f6sningar inom energistyrning och lagring som s\u00e5 l\u00e5ngt som m\u00f6jligt \u00e4r oberoende av 3:e part.\" \/>\n<meta property=\"og:url\" content=\"https:\/\/energyintelligence.se\/shop\/om-oss\/\" \/>\n<meta property=\"og:site_name\" content=\"Energy Intelligence\" \/>\n<meta property=\"article:modified_time\" content=\"2025-06-14T10:43:06+00:00\" \/>\n<meta name=\"twitter:card\" content=\"summary_large_image\" \/>\n<meta name=\"twitter:label1\" content=\"Ber\u00e4knad l\u00e4stid\" \/>\n\t<meta name=\"twitter:data1\" content=\"1 minut\" \/>\n<script type=\"application\/ld+json\" class=\"yoast-schema-graph\">{\"@context\":\"https:\/\/schema.org\",\"@graph\":[{\"@type\":\"WebPage\",\"@id\":\"https:\/\/energyintelligence.se\/shop\/om-oss\/\",\"url\":\"https:\/\/energyintelligence.se\/shop\/om-oss\/\",\"name\":\"Om - Energy Intelligence\",\"isPartOf\":{\"@id\":\"https:\/\/energyintelligence.se\/shop\/#website\"},\"datePublished\":\"2023-11-22T19:44:08+00:00\",\"dateModified\":\"2025-06-14T10:43:06+00:00\",\"description\":\"V\u00e5r grundid\u00e9 \u00e4r att tillhandah\u00e5lla l\u00f6sningar inom energistyrning och lagring som s\u00e5 l\u00e5ngt som m\u00f6jligt \u00e4r oberoende av 3:e part.\",\"breadcrumb\":{\"@id\":\"https:\/\/energyintelligence.se\/shop\/om-oss\/#breadcrumb\"},\"inLanguage\":\"sv-SE\",\"potentialAction\":[{\"@type\":\"ReadAction\",\"target\":[\"https:\/\/energyintelligence.se\/shop\/om-oss\/\"]}]},{\"@type\":\"BreadcrumbList\",\"@id\":\"https:\/\/energyintelligence.se\/shop\/om-oss\/#breadcrumb\",\"itemListElement\":[{\"@type\":\"ListItem\",\"position\":1,\"name\":\"Hem\",\"item\":\"https:\/\/energyintelligence.se\/shop\/\"},{\"@type\":\"ListItem\",\"position\":2,\"name\":\"Om\"}]},{\"@type\":\"WebSite\",\"@id\":\"https:\/\/energyintelligence.se\/shop\/#website\",\"url\":\"https:\/\/energyintelligence.se\/shop\/\",\"name\":\"Energy Intelligence\",\"description\":\"Ta kontroll \u00f6ver din elf\u00f6rbrukning\",\"publisher\":{\"@id\":\"https:\/\/energyintelligence.se\/shop\/#organization\"},\"potentialAction\":[{\"@type\":\"SearchAction\",\"target\":{\"@type\":\"EntryPoint\",\"urlTemplate\":\"https:\/\/energyintelligence.se\/shop\/?s={search_term_string}\"},\"query-input\":\"required name=search_term_string\"}],\"inLanguage\":\"sv-SE\"},{\"@type\":\"Organization\",\"@id\":\"https:\/\/energyintelligence.se\/shop\/#organization\",\"name\":\"Notima Energy Intelligence AB\",\"url\":\"https:\/\/energyintelligence.se\/shop\/\",\"logo\":{\"@type\":\"ImageObject\",\"inLanguage\":\"sv-SE\",\"@id\":\"https:\/\/energyintelligence.se\/shop\/#\/schema\/logo\/image\/\",\"url\":\"https:\/\/energyintelligence.se\/shop\/wp-content\/uploads\/2023\/11\/cropped-EI-300x66-1.png\",\"contentUrl\":\"https:\/\/energyintelligence.se\/shop\/wp-content\/uploads\/2023\/11\/cropped-EI-300x66-1.png\",\"width\":300,\"height\":66,\"caption\":\"Notima Energy Intelligence AB\"},\"image\":{\"@id\":\"https:\/\/energyintelligence.se\/shop\/#\/schema\/logo\/image\/\"}}]}<\/script>\n<!-- \/ Yoast SEO plugin. -->","yoast_head_json":{"title":"Om - Energy Intelligence","description":"V\u00e5r grundid\u00e9 \u00e4r att tillhandah\u00e5lla l\u00f6sningar inom energistyrning och lagring som s\u00e5 l\u00e5ngt som m\u00f6jligt \u00e4r oberoende av 3:e part.","robots":{"index":"index","follow":"follow","max-snippet":"max-snippet:-1","max-image-preview":"max-image-preview:large","max-video-preview":"max-video-preview:-1"},"canonical":"https:\/\/energyintelligence.se\/shop\/om-oss\/","og_locale":"sv_SE","og_type":"article","og_title":"Om - Energy Intelligence","og_description":"V\u00e5r grundid\u00e9 \u00e4r att tillhandah\u00e5lla l\u00f6sningar inom energistyrning och lagring som s\u00e5 l\u00e5ngt som m\u00f6jligt \u00e4r oberoende av 3:e part.","og_url":"https:\/\/energyintelligence.se\/shop\/om-oss\/","og_site_name":"Energy Intelligence","article_modified_time":"2025-06-14T10:43:06+00:00","twitter_card":"summary_large_image","twitter_misc":{"Ber\u00e4knad l\u00e4stid":"1 minut"},"schema":{"@context":"https:\/\/schema.org","@graph":[{"@type":"WebPage","@id":"https:\/\/energyintelligence.se\/shop\/om-oss\/","url":"https:\/\/energyintelligence.se\/shop\/om-oss\/","name":"Om - Energy Intelligence","isPartOf":{"@id":"https:\/\/energyintelligence.se\/shop\/#website"},"datePublished":"2023-11-22T19:44:08+00:00","dateModified":"2025-06-14T10:43:06+00:00","description":"V\u00e5r grundid\u00e9 \u00e4r att tillhandah\u00e5lla l\u00f6sningar inom energistyrning och lagring som s\u00e5 l\u00e5ngt som m\u00f6jligt \u00e4r oberoende av 3:e part.","breadcrumb":{"@id":"https:\/\/energyintelligence.se\/shop\/om-oss\/#breadcrumb"},"inLanguage":"sv-SE","potentialAction":[{"@type":"ReadAction","target":["https:\/\/energyintelligence.se\/shop\/om-oss\/"]}]},{"@type":"BreadcrumbList","@id":"https:\/\/energyintelligence.se\/shop\/om-oss\/#breadcrumb","itemListElement":[{"@type":"ListItem","position":1,"name":"Hem","item":"https:\/\/energyintelligence.se\/shop\/"},{"@type":"ListItem","position":2,"name":"Om"}]},{"@type":"WebSite","@id":"https:\/\/energyintelligence.se\/shop\/#website","url":"https:\/\/energyintelligence.se\/shop\/","name":"Energy Intelligence","description":"Ta kontroll \u00f6ver din elf\u00f6rbrukning","publisher":{"@id":"https:\/\/energyintelligence.se\/shop\/#organization"},"potentialAction":[{"@type":"SearchAction","target":{"@type":"EntryPoint","urlTemplate":"https:\/\/energyintelligence.se\/shop\/?s={search_term_string}"},"query-input":"required name=search_term_string"}],"inLanguage":"sv-SE"},{"@type":"Organization","@id":"https:\/\/energyintelligence.se\/shop\/#organization","name":"Notima Energy Intelligence AB","url":"https:\/\/energyintelligence.se\/shop\/","logo":{"@type":"ImageObject","inLanguage":"sv-SE","@id":"https:\/\/energyintelligence.se\/shop\/#\/schema\/logo\/image\/","url":"https:\/\/energyintelligence.se\/shop\/wp-content\/uploads\/2023\/11\/cropped-EI-300x66-1.png","contentUrl":"https:\/\/energyintelligence.se\/shop\/wp-content\/uploads\/2023\/11\/cropped-EI-300x66-1.png","width":300,"height":66,"caption":"Notima Energy Intelligence AB"},"image":{"@id":"https:\/\/energyintelligence.se\/shop\/#\/schema\/logo\/image\/"}}]}},"_links":{"self":[{"href":"https:\/\/energyintelligence.se\/shop\/wp-json\/wp\/v2\/pages\/2022"}],"collection":[{"href":"https:\/\/energyintelligence.se\/shop\/wp-json\/wp\/v2\/pages"}],"about":[{"href":"https:\/\/energyintelligence.se\/shop\/wp-json\/wp\/v2\/types\/page"}],"author":[{"embeddable":true,"href":"https:\/\/energyintelligence.se\/shop\/wp-json\/wp\/v2\/users\/3"}],"replies":[{"embeddable":true,"href":"https:\/\/energyintelligence.se\/shop\/wp-json\/wp\/v2\/comments?post=2022"}],"version-history":[{"count":12,"href":"https:\/\/energyintelligence.se\/shop\/wp-json\/wp\/v2\/pages\/2022\/revisions"}],"predecessor-version":[{"id":3102,"href":"https:\/\/energyintelligence.se\/shop\/wp-json\/wp\/v2\/pages\/2022\/revisions\/3102"}],"wp:attachment":[{"href":"https:\/\/energyintelligence.se\/shop\/wp-json\/wp\/v2\/media?parent=2022"}],"curies":[{"name":"wp","href":"https:\/\/api.w.org\/{rel}","templated":true}]}}