{"id":2151,"date":"2024-01-04T13:37:06","date_gmt":"2024-01-04T11:37:06","guid":{"rendered":"https:\/\/energyintelligence.se\/shop\/?page_id=2151"},"modified":"2024-01-04T13:37:06","modified_gmt":"2024-01-04T11:37:06","slug":"usb-adaptern-saknar-dev-ttyusb0","status":"publish","type":"page","link":"https:\/\/energyintelligence.se\/shop\/usb-adaptern-saknar-dev-ttyusb0\/","title":{"rendered":"USB-adaptern saknar \/dev\/ttyUSB0"},"content":{"rendered":"\n<p>Om du f\u00e5r ett meddelande liknande detta nedan n\u00e4r du kopplat in USB-adaptern och d\u00e4refter k\u00f6r &#8217;sudo dmesg&#8217; finns f\u00f6ljande l\u00f6sning<\/p>\n\n\n\n<pre class=\"wp-block-code\"><code>&#91;  192.926852] usb 1-2: new full-speed USB device number 4 using xhci_hcd\n&#91;  193.079643] usb 1-2: New USB device found, idVendor=1a86, idProduct=7523, bcdDevice= 2.64\n&#91;  193.079651] usb 1-2: New USB device strings: Mfr=0, Product=2, SerialNumber=0\n&#91;  193.079655] usb 1-2: Product: USB Serial\n&#91;  193.105161] usbcore: registered new interface driver usbserial_generic\n&#91;  193.105176] usbserial: USB Serial support registered for generic\n&#91;  193.107166] usbcore: registered new interface driver ch341\n&#91;  193.107195] usbserial: USB Serial support registered for ch341-uart\n&#91;  193.107216] ch341 1-2:1.0: ch341-uart converter detected\n&#91;  193.107723] usb 1-2: ch341-uart converter now attached to ttyUSB0\n&#91;  193.130366] input: PC Speaker as \/devices\/platform\/pcspkr\/input\/input25\n&#91;  193.639897] input: BRLTTY 6.4 Linux Screen Driver Keyboard as \/devices\/virtual\/input\/input26\n&#91;  193.641556] usb 1-2: usbfs: <strong>interface 0 claimed by ch341 while 'brltty' sets config #1<\/strong>\n&#91;  193.642168] ch341-uart ttyUSB0: ch341-uart converter now disconnected from ttyUSB0\n&#91;  193.642194] ch341 1-2:1.0: device disconnected\n<\/code><\/pre>\n\n\n\n<p>Problemet som uppst\u00e5r \u00e4r att p\u00e5 nyare Ubuntu (t ex 22) krockar en Braille-tj\u00e4nst med USB-UART-chippet vi anv\u00e4nder f\u00f6r USB-adaptern.<\/p>\n\n\n\n<p>Den enklaste l\u00f6sningen p\u00e5 detta (f\u00f6rutsatt att man inte anv\u00e4nder denna Braille tj\u00e4nst f\u00f6r synskadade) \u00e4r att inaktivera tj\u00e4nsten och d\u00e4refter f\u00f6rs\u00f6ka p\u00e5 nytt. Man kan inaktivera tj\u00e4nsten med nedan kommandon i terminalen:<\/p>\n\n\n\n<pre class=\"wp-block-code\"><code>sudo systemctl stop brltty-udev.service \nsudo systemctl mask brltty-udev.service \nsudo systemctl stop brltty.service\nsudo systemctl disable brltty.service<\/code><\/pre>\n\n\n\n<p>Det du vill se n\u00e4r du k\u00f6r &#8217;sudo dmesg&#8217; \u00e4r n\u00e5got som liknar f\u00f6ljande<\/p>\n\n\n\n<pre class=\"wp-block-code\"><code>&#91;  452.093981] usb 1-2: New USB device found, idVendor=1a86, idProduct=7523, bcdDevice= 2.64\n&#91;  452.093995] usb 1-2: New USB device strings: Mfr=0, Product=2, SerialNumber=0\n&#91;  452.094001] usb 1-2: Product: USB Serial\n&#91;  452.095821] ch341 1-2:1.0: ch341-uart converter detected\n&#91;  452.096513] usb 1-2: <strong>ch341-uart converter now attached to ttyUSB0<\/strong><\/code><\/pre>\n","protected":false},"excerpt":{"rendered":"<p>Om du f\u00e5r ett meddelande liknande detta nedan n\u00e4r du kopplat in USB-adaptern och d\u00e4refter k\u00f6r &#8217;sudo dmesg&#8217; finns f\u00f6ljande l\u00f6sning Problemet som uppst\u00e5r \u00e4r att p\u00e5 nyare Ubuntu (t ex 22) krockar en Braille-tj\u00e4nst med USB-UART-chippet vi anv\u00e4nder f\u00f6r USB-adaptern. Den enklaste l\u00f6sningen p\u00e5 detta (f\u00f6rutsatt att man inte anv\u00e4nder denna Braille tj\u00e4nst f\u00f6r [&hellip;]<\/p>\n","protected":false},"author":3,"featured_media":0,"parent":0,"menu_order":0,"comment_status":"closed","ping_status":"closed","template":"","meta":{"footnotes":""},"yoast_head":"<!-- This site is optimized with the Yoast SEO plugin v21.7 - https:\/\/yoast.com\/wordpress\/plugins\/seo\/ -->\n<title>USB-adaptern saknar \/dev\/ttyUSB0 - Energy Intelligence<\/title>\n<meta name=\"robots\" content=\"index, follow, max-snippet:-1, max-image-preview:large, max-video-preview:-1\" \/>\n<link rel=\"canonical\" href=\"https:\/\/energyintelligence.se\/shop\/usb-adaptern-saknar-dev-ttyusb0\/\" \/>\n<meta property=\"og:locale\" content=\"sv_SE\" \/>\n<meta property=\"og:type\" content=\"article\" \/>\n<meta property=\"og:title\" content=\"USB-adaptern saknar \/dev\/ttyUSB0 - Energy Intelligence\" \/>\n<meta property=\"og:description\" content=\"Om du f\u00e5r ett meddelande liknande detta nedan n\u00e4r du kopplat in USB-adaptern och d\u00e4refter k\u00f6r &#8217;sudo dmesg&#8217; finns f\u00f6ljande l\u00f6sning Problemet som uppst\u00e5r \u00e4r att p\u00e5 nyare Ubuntu (t ex 22) krockar en Braille-tj\u00e4nst med USB-UART-chippet vi anv\u00e4nder f\u00f6r USB-adaptern. Den enklaste l\u00f6sningen p\u00e5 detta (f\u00f6rutsatt att man inte anv\u00e4nder denna Braille tj\u00e4nst f\u00f6r [&hellip;]\" \/>\n<meta property=\"og:url\" content=\"https:\/\/energyintelligence.se\/shop\/usb-adaptern-saknar-dev-ttyusb0\/\" \/>\n<meta property=\"og:site_name\" content=\"Energy Intelligence\" \/>\n<meta name=\"twitter:card\" content=\"summary_large_image\" \/>\n<meta name=\"twitter:label1\" content=\"Ber\u00e4knad l\u00e4stid\" \/>\n\t<meta name=\"twitter:data1\" content=\"1 minut\" \/>\n<script type=\"application\/ld+json\" class=\"yoast-schema-graph\">{\"@context\":\"https:\/\/schema.org\",\"@graph\":[{\"@type\":\"WebPage\",\"@id\":\"https:\/\/energyintelligence.se\/shop\/usb-adaptern-saknar-dev-ttyusb0\/\",\"url\":\"https:\/\/energyintelligence.se\/shop\/usb-adaptern-saknar-dev-ttyusb0\/\",\"name\":\"USB-adaptern saknar \/dev\/ttyUSB0 - Energy Intelligence\",\"isPartOf\":{\"@id\":\"https:\/\/energyintelligence.se\/shop\/#website\"},\"datePublished\":\"2024-01-04T11:37:06+00:00\",\"dateModified\":\"2024-01-04T11:37:06+00:00\",\"breadcrumb\":{\"@id\":\"https:\/\/energyintelligence.se\/shop\/usb-adaptern-saknar-dev-ttyusb0\/#breadcrumb\"},\"inLanguage\":\"sv-SE\",\"potentialAction\":[{\"@type\":\"ReadAction\",\"target\":[\"https:\/\/energyintelligence.se\/shop\/usb-adaptern-saknar-dev-ttyusb0\/\"]}]},{\"@type\":\"BreadcrumbList\",\"@id\":\"https:\/\/energyintelligence.se\/shop\/usb-adaptern-saknar-dev-ttyusb0\/#breadcrumb\",\"itemListElement\":[{\"@type\":\"ListItem\",\"position\":1,\"name\":\"Hem\",\"item\":\"https:\/\/energyintelligence.se\/shop\/\"},{\"@type\":\"ListItem\",\"position\":2,\"name\":\"USB-adaptern saknar \/dev\/ttyUSB0\"}]},{\"@type\":\"WebSite\",\"@id\":\"https:\/\/energyintelligence.se\/shop\/#website\",\"url\":\"https:\/\/energyintelligence.se\/shop\/\",\"name\":\"Energy Intelligence\",\"description\":\"Ta kontroll \u00f6ver din elf\u00f6rbrukning\",\"publisher\":{\"@id\":\"https:\/\/energyintelligence.se\/shop\/#organization\"},\"potentialAction\":[{\"@type\":\"SearchAction\",\"target\":{\"@type\":\"EntryPoint\",\"urlTemplate\":\"https:\/\/energyintelligence.se\/shop\/?s={search_term_string}\"},\"query-input\":\"required name=search_term_string\"}],\"inLanguage\":\"sv-SE\"},{\"@type\":\"Organization\",\"@id\":\"https:\/\/energyintelligence.se\/shop\/#organization\",\"name\":\"Notima Energy Intelligence AB\",\"url\":\"https:\/\/energyintelligence.se\/shop\/\",\"logo\":{\"@type\":\"ImageObject\",\"inLanguage\":\"sv-SE\",\"@id\":\"https:\/\/energyintelligence.se\/shop\/#\/schema\/logo\/image\/\",\"url\":\"https:\/\/energyintelligence.se\/shop\/wp-content\/uploads\/2023\/11\/cropped-EI-300x66-1.png\",\"contentUrl\":\"https:\/\/energyintelligence.se\/shop\/wp-content\/uploads\/2023\/11\/cropped-EI-300x66-1.png\",\"width\":300,\"height\":66,\"caption\":\"Notima Energy Intelligence AB\"},\"image\":{\"@id\":\"https:\/\/energyintelligence.se\/shop\/#\/schema\/logo\/image\/\"}}]}<\/script>\n<!-- \/ Yoast SEO plugin. -->","yoast_head_json":{"title":"USB-adaptern saknar \/dev\/ttyUSB0 - Energy Intelligence","robots":{"index":"index","follow":"follow","max-snippet":"max-snippet:-1","max-image-preview":"max-image-preview:large","max-video-preview":"max-video-preview:-1"},"canonical":"https:\/\/energyintelligence.se\/shop\/usb-adaptern-saknar-dev-ttyusb0\/","og_locale":"sv_SE","og_type":"article","og_title":"USB-adaptern saknar \/dev\/ttyUSB0 - Energy Intelligence","og_description":"Om du f\u00e5r ett meddelande liknande detta nedan n\u00e4r du kopplat in USB-adaptern och d\u00e4refter k\u00f6r &#8217;sudo dmesg&#8217; finns f\u00f6ljande l\u00f6sning Problemet som uppst\u00e5r \u00e4r att p\u00e5 nyare Ubuntu (t ex 22) krockar en Braille-tj\u00e4nst med USB-UART-chippet vi anv\u00e4nder f\u00f6r USB-adaptern. Den enklaste l\u00f6sningen p\u00e5 detta (f\u00f6rutsatt att man inte anv\u00e4nder denna Braille tj\u00e4nst f\u00f6r [&hellip;]","og_url":"https:\/\/energyintelligence.se\/shop\/usb-adaptern-saknar-dev-ttyusb0\/","og_site_name":"Energy Intelligence","twitter_card":"summary_large_image","twitter_misc":{"Ber\u00e4knad l\u00e4stid":"1 minut"},"schema":{"@context":"https:\/\/schema.org","@graph":[{"@type":"WebPage","@id":"https:\/\/energyintelligence.se\/shop\/usb-adaptern-saknar-dev-ttyusb0\/","url":"https:\/\/energyintelligence.se\/shop\/usb-adaptern-saknar-dev-ttyusb0\/","name":"USB-adaptern saknar \/dev\/ttyUSB0 - Energy Intelligence","isPartOf":{"@id":"https:\/\/energyintelligence.se\/shop\/#website"},"datePublished":"2024-01-04T11:37:06+00:00","dateModified":"2024-01-04T11:37:06+00:00","breadcrumb":{"@id":"https:\/\/energyintelligence.se\/shop\/usb-adaptern-saknar-dev-ttyusb0\/#breadcrumb"},"inLanguage":"sv-SE","potentialAction":[{"@type":"ReadAction","target":["https:\/\/energyintelligence.se\/shop\/usb-adaptern-saknar-dev-ttyusb0\/"]}]},{"@type":"BreadcrumbList","@id":"https:\/\/energyintelligence.se\/shop\/usb-adaptern-saknar-dev-ttyusb0\/#breadcrumb","itemListElement":[{"@type":"ListItem","position":1,"name":"Hem","item":"https:\/\/energyintelligence.se\/shop\/"},{"@type":"ListItem","position":2,"name":"USB-adaptern saknar \/dev\/ttyUSB0"}]},{"@type":"WebSite","@id":"https:\/\/energyintelligence.se\/shop\/#website","url":"https:\/\/energyintelligence.se\/shop\/","name":"Energy Intelligence","description":"Ta kontroll \u00f6ver din elf\u00f6rbrukning","publisher":{"@id":"https:\/\/energyintelligence.se\/shop\/#organization"},"potentialAction":[{"@type":"SearchAction","target":{"@type":"EntryPoint","urlTemplate":"https:\/\/energyintelligence.se\/shop\/?s={search_term_string}"},"query-input":"required name=search_term_string"}],"inLanguage":"sv-SE"},{"@type":"Organization","@id":"https:\/\/energyintelligence.se\/shop\/#organization","name":"Notima Energy Intelligence AB","url":"https:\/\/energyintelligence.se\/shop\/","logo":{"@type":"ImageObject","inLanguage":"sv-SE","@id":"https:\/\/energyintelligence.se\/shop\/#\/schema\/logo\/image\/","url":"https:\/\/energyintelligence.se\/shop\/wp-content\/uploads\/2023\/11\/cropped-EI-300x66-1.png","contentUrl":"https:\/\/energyintelligence.se\/shop\/wp-content\/uploads\/2023\/11\/cropped-EI-300x66-1.png","width":300,"height":66,"caption":"Notima Energy Intelligence AB"},"image":{"@id":"https:\/\/energyintelligence.se\/shop\/#\/schema\/logo\/image\/"}}]}},"_links":{"self":[{"href":"https:\/\/energyintelligence.se\/shop\/wp-json\/wp\/v2\/pages\/2151"}],"collection":[{"href":"https:\/\/energyintelligence.se\/shop\/wp-json\/wp\/v2\/pages"}],"about":[{"href":"https:\/\/energyintelligence.se\/shop\/wp-json\/wp\/v2\/types\/page"}],"author":[{"embeddable":true,"href":"https:\/\/energyintelligence.se\/shop\/wp-json\/wp\/v2\/users\/3"}],"replies":[{"embeddable":true,"href":"https:\/\/energyintelligence.se\/shop\/wp-json\/wp\/v2\/comments?post=2151"}],"version-history":[{"count":1,"href":"https:\/\/energyintelligence.se\/shop\/wp-json\/wp\/v2\/pages\/2151\/revisions"}],"predecessor-version":[{"id":2152,"href":"https:\/\/energyintelligence.se\/shop\/wp-json\/wp\/v2\/pages\/2151\/revisions\/2152"}],"wp:attachment":[{"href":"https:\/\/energyintelligence.se\/shop\/wp-json\/wp\/v2\/media?parent=2151"}],"curies":[{"name":"wp","href":"https:\/\/api.w.org\/{rel}","templated":true}]}}

<p>Om du får ett meddelande liknande detta nedan när du kopplat in USB-adaptern och därefter kör &#8217;sudo dmesg&#8217; finns följande lösning</p>



<pre class="wp-block-code"><code>&#91;  192.926852] usb 1-2: new full-speed USB device number 4 using xhci_hcd
&#91;  193.079643] usb 1-2: New USB device found, idVendor=1a86, idProduct=7523, bcdDevice= 2.64
&#91;  193.079651] usb 1-2: New USB device strings: Mfr=0, Product=2, SerialNumber=0
&#91;  193.079655] usb 1-2: Product: USB Serial
&#91;  193.105161] usbcore: registered new interface driver usbserial_generic
&#91;  193.105176] usbserial: USB Serial support registered for generic
&#91;  193.107166] usbcore: registered new interface driver ch341
&#91;  193.107195] usbserial: USB Serial support registered for ch341-uart
&#91;  193.107216] ch341 1-2:1.0: ch341-uart converter detected
&#91;  193.107723] usb 1-2: ch341-uart converter now attached to ttyUSB0
&#91;  193.130366] input: PC Speaker as /devices/platform/pcspkr/input/input25
&#91;  193.639897] input: BRLTTY 6.4 Linux Screen Driver Keyboard as /devices/virtual/input/input26
&#91;  193.641556] usb 1-2: usbfs: <strong>interface 0 claimed by ch341 while 'brltty' sets config #1</strong>
&#91;  193.642168] ch341-uart ttyUSB0: ch341-uart converter now disconnected from ttyUSB0
&#91;  193.642194] ch341 1-2:1.0: device disconnected
</code></pre>



<p>Problemet som uppstår är att på nyare Ubuntu (t ex 22) krockar en Braille-tjänst med USB-UART-chippet vi använder för USB-adaptern.</p>



<p>Den enklaste lösningen på detta (förutsatt att man inte använder denna Braille tjänst för synskadade) är att inaktivera tjänsten och därefter försöka på nytt. Man kan inaktivera tjänsten med nedan kommandon i terminalen:</p>



<pre class="wp-block-code"><code>sudo systemctl stop brltty-udev.service 
sudo systemctl mask brltty-udev.service 
sudo systemctl stop brltty.service
sudo systemctl disable brltty.service</code></pre>



<p>Det du vill se när du kör &#8217;sudo dmesg&#8217; är något som liknar följande</p>



<pre class="wp-block-code"><code>&#91;  452.093981] usb 1-2: New USB device found, idVendor=1a86, idProduct=7523, bcdDevice= 2.64
&#91;  452.093995] usb 1-2: New USB device strings: Mfr=0, Product=2, SerialNumber=0
&#91;  452.094001] usb 1-2: Product: USB Serial
&#91;  452.095821] ch341 1-2:1.0: ch341-uart converter detected
&#91;  452.096513] usb 1-2: <strong>ch341-uart converter now attached to ttyUSB0</strong></code></pre>

<p>Om du får ett meddelande liknande detta nedan när du kopplat in USB-adaptern och därefter kör &#8217;sudo dmesg&#8217; finns följande lösning Problemet som uppstår är att på nyare Ubuntu (t ex 22) krockar en Braille-tjänst med USB-UART-chippet vi använder för USB-adaptern. Den enklaste lösningen på detta (förutsatt att man inte använder denna Braille tjänst för [&hellip;]</p>

<!-- This site is optimized with the Yoast SEO plugin v21.7 - https://yoast.com/wordpress/plugins/seo/ -->
<title>USB-adaptern saknar /dev/ttyUSB0 - Energy Intelligence</title>
<meta name="robots" content="index, follow, max-snippet:-1, max-image-preview:large, max-video-preview:-1" />
<link rel="canonical" href="https://energyintelligence.se/shop/usb-adaptern-saknar-dev-ttyusb0/" />
<meta property="og:locale" content="sv_SE" />
<meta property="og:type" content="article" />
<meta property="og:title" content="USB-adaptern saknar /dev/ttyUSB0 - Energy Intelligence" />
<meta property="og:description" content="Om du får ett meddelande liknande detta nedan när du kopplat in USB-adaptern och därefter kör &#8217;sudo dmesg&#8217; finns följande lösning Problemet som uppstår är att på nyare Ubuntu (t ex 22) krockar en Braille-tjänst med USB-UART-chippet vi använder för USB-adaptern. Den enklaste lösningen på detta (förutsatt att man inte använder denna Braille tjänst för [&hellip;]" />
<meta property="og:url" content="https://energyintelligence.se/shop/usb-adaptern-saknar-dev-ttyusb0/" />
<meta property="og:site_name" content="Energy Intelligence" />
<meta name="twitter:card" content="summary_large_image" />
<meta name="twitter:label1" content="Beräknad lästid" />
	<meta name="twitter:data1" content="1 minut" />
<script type="application/ld+json" class="yoast-schema-graph">{"@context":"https://schema.org","@graph":[{"@type":"WebPage","@id":"https://energyintelligence.se/shop/usb-adaptern-saknar-dev-ttyusb0/","url":"https://energyintelligence.se/shop/usb-adaptern-saknar-dev-ttyusb0/","name":"USB-adaptern saknar /dev/ttyUSB0 - Energy Intelligence","isPartOf":{"@id":"https://energyintelligence.se/shop/#website"},"datePublished":"2024-01-04T11:37:06+00:00","dateModified":"2024-01-04T11:37:06+00:00","breadcrumb":{"@id":"https://energyintelligence.se/shop/usb-adaptern-saknar-dev-ttyusb0/#breadcrumb"},"inLanguage":"sv-SE","potentialAction":[{"@type":"ReadAction","target":["https://energyintelligence.se/shop/usb-adaptern-saknar-dev-ttyusb0/"]}]},{"@type":"BreadcrumbList","@id":"https://energyintelligence.se/shop/usb-adaptern-saknar-dev-ttyusb0/#breadcrumb","itemListElement":[{"@type":"ListItem","position":1,"name":"Hem","item":"https://energyintelligence.se/shop/"},{"@type":"ListItem","position":2,"name":"USB-adaptern saknar /dev/ttyUSB0"}]},{"@type":"WebSite","@id":"https://energyintelligence.se/shop/#website","url":"https://energyintelligence.se/shop/","name":"Energy Intelligence","description":"Ta kontroll över din elförbrukning","publisher":{"@id":"https://energyintelligence.se/shop/#organization"},"potentialAction":[{"@type":"SearchAction","target":{"@type":"EntryPoint","urlTemplate":"https://energyintelligence.se/shop/?s={search_term_string}"},"query-input":"required name=search_term_string"}],"inLanguage":"sv-SE"},{"@type":"Organization","@id":"https://energyintelligence.se/shop/#organization","name":"Notima Energy Intelligence AB","url":"https://energyintelligence.se/shop/","logo":{"@type":"ImageObject","inLanguage":"sv-SE","@id":"https://energyintelligence.se/shop/#/schema/logo/image/","url":"https://energyintelligence.se/shop/wp-content/uploads/2023/11/cropped-EI-300x66-1.png","contentUrl":"https://energyintelligence.se/shop/wp-content/uploads/2023/11/cropped-EI-300x66-1.png","width":300,"height":66,"caption":"Notima Energy Intelligence AB"},"image":{"@id":"https://energyintelligence.se/shop/#/schema/logo/image/"}}]}</script>
<!-- / Yoast SEO plugin. -->

Om du får ett meddelande liknande detta nedan när du kopplat in USB-adaptern och därefter kör &#8217;sudo dmesg&#8217; finns följande lösning Problemet som uppstår är att på nyare Ubuntu (t ex 22) krockar en Braille-tjänst med USB-UART-chippet vi använder för USB-adaptern. Den enklaste lösningen på detta (förutsatt att man inte använder denna Braille tjänst för [&hellip;]

Ta kontroll över din elförbrukning
