{"id":2290,"date":"2024-02-15T21:07:48","date_gmt":"2024-02-15T19:07:48","guid":{"rendered":"https:\/\/energyintelligence.se\/shop\/?page_id=2290"},"modified":"2024-02-16T11:59:40","modified_gmt":"2024-02-16T09:59:40","slug":"mqtt","status":"publish","type":"page","link":"https:\/\/energyintelligence.se\/shop\/anvandarmanual\/utlasning-av-matarstallning\/mqtt\/","title":{"rendered":"MQTT"},"content":{"rendered":"\n<p>M\u00e4tarst\u00e4llningen kan smidigt och enkelt l\u00e4sas fr\u00e5n en MQTT broker. M\u00e4tv\u00e4rdena delas upp automatiskt av enheten och skickas p\u00e5 olika kanaler (topics) till MQTT brokern f\u00f6r att underl\u00e4tta tolkning av informationen.<\/p>\n\n\n\n<p>Enheten skickar alla m\u00e4tv\u00e4rden till kanaler som genereras beroende p\u00e5 deras OBIS koder och delas upp p\u00e5 v\u00e4rden och enhetsbeteckningar.<\/p>\n\n\n\n<p>En klient som prenumererar p\u00e5 meddelanden fr\u00e5n servern skulle kunna se ut enligt nedan:<\/p>\n\n\n\n<iframe\n  src=\"https:\/\/carbon.now.sh\/embed?bg=rgba%28171%2C184%2C195%2C0%29&#038;t=a11y-dark&#038;wt=none&#038;l=text&#038;width=680&#038;ds=true&#038;dsyoff=0px&#038;dsblur=18px&#038;wc=false&#038;wa=false&#038;pv=56px&#038;ph=56px&#038;ln=false&#038;fl=1&#038;fm=Hack&#038;fs=14px&#038;lh=133%25&#038;si=false&#038;es=2x&#038;wm=false&#038;code=%2524%2520mosquitto_sub%2520-h%2520%253Cserveraddress%253E%2520-t%2520%2522EMR_465424%252F%2523%2522%2520-v%250A%250AELL5-XXXXXXXXX_A%252FEnergy%252FActive%252FPositive%252Fvalue%252000016867.262%250AELL5-XXXXXXXXX_A%252FEnergy%252FActive%252FPositive%252Funit%2520kWh%250AELL5-XXXXXXXXX_A%252FEnergy%252FActive%252FNegative%252Fvalue%252000000000.000%250AELL5-XXXXXXXXX_A%252FEnergy%252FActive%252FNegative%252Funit%2520kWh%250AELL5-XXXXXXXXX_A%252FEnergy%252FReactive%252FPositive%252Fvalue%252000000000.182%250AELL5-XXXXXXXXX_A%252FEnergy%252FReactive%252FPositive%252Funit%2520kvarh%250AELL5-XXXXXXXXX_A%252FEnergy%252FReactive%252FNegative%252Fvalue%252000005210.512%250AELL5-XXXXXXXXX_A%252FEnergy%252FReactive%252FNegative%252Funit%2520kvarh%250AELL5-XXXXXXXXX_A%252FPower%252FInstant%252FActive%252FPositive%252Fvalue%25200000.679%250AELL5-XXXXXXXXX_A%252FPower%252FInstant%252FActive%252FPositive%252Funit%2520kW%250AELL5-XXXXXXXXX_A%252FPower%252FInstant%252FActive%252FNegative%252Fvalue%25200000.000%250AELL5-XXXXXXXXX_A%252FPower%252FInstant%252FActive%252FNegative%252Funit%2520kW%250AELL5-XXXXXXXXX_A%252FPower%252FInstant%252FReactive%252FPositive%252Fvalue%25200000.000%250AELL5-XXXXXXXXX_A%252FPower%252FInstant%252FReactive%252FPositive%252Funit%2520kvar%250AELL5-XXXXXXXXX_A%252FPower%252FInstant%252FReactive%252FNegative%252Fvalue%25200000.445%250AELL5-XXXXXXXXX_A%252FPower%252FInstant%252FReactive%252FNegative%252Funit%2520kvar%250AELL5-XXXXXXXXX_A%252FPower%252FInstant%252FActive%252FPositive%252FL1%252Fvalue%25200000.209%250AELL5-XXXXXXXXX_A%252FPower%252FInstant%252FActive%252FPositive%252FL1%252Funit%2520kW%250AELL5-XXXXXXXXX_A%252FPower%252FInstant%252FActive%252FPositive%252FL2%252Fvalue%25200000.390%250AELL5-XXXXXXXXX_A%252FPower%252FInstant%252FActive%252FPositive%252FL2%252Funit%2520kW%250AELL5-XXXXXXXXX_A%252FPower%252FInstant%252FActive%252FPositive%252FL3%252Fvalue%25200000.079%250AELL5-XXXXXXXXX_A%252FPower%252FInstant%252FActive%252FPositive%252FL3%252Funit%2520kW%250AELL5-XXXXXXXXX_A%252FPower%252FInstant%252FActive%252FNegative%252FL1%252Fvalue%25200000.000%250AELL5-XXXXXXXXX_A%252FPower%252FInstant%252FActive%252FNegative%252FL1%252Funit%2520kW%250AELL5-XXXXXXXXX_A%252FPower%252FInstant%252FActive%252FNegative%252FL2%252Fvalue%25200000.000%250AELL5-XXXXXXXXX_A%252FPower%252FInstant%252FActive%252FNegative%252FL2%252Funit%2520kW%250AELL5-XXXXXXXXX_A%252FPower%252FInstant%252FActive%252FNegative%252FL3%252Fvalue%25200000.000%250AELL5-XXXXXXXXX_A%252FPower%252FInstant%252FActive%252FNegative%252FL3%252Funit%2520kW%250AELL5-XXXXXXXXX_A%252FPower%252FInstant%252FReactive%252FPositive%252FL1%252Fvalue%25200000.000%250AELL5-XXXXXXXXX_A%252FPower%252FInstant%252FReactive%252FPositive%252FL1%252Funit%2520kvar%250AELL5-XXXXXXXXX_A%252FPower%252FInstant%252FReactive%252FPositive%252FL2%252Fvalue%25200000.000%250AELL5-XXXXXXXXX_A%252FPower%252FInstant%252FReactive%252FPositive%252FL2%252Funit%2520kvar%250AELL5-XXXXXXXXX_A%252FPower%252FInstant%252FReactive%252FPositive%252FL3%252Fvalue%25200000.000%250AELL5-XXXXXXXXX_A%252FPower%252FInstant%252FReactive%252FPositive%252FL3%252Funit%2520kvar%250AELL5-XXXXXXXXX_A%252FPower%252FInstant%252FReactive%252FNegative%252FL1%252Fvalue%25200000.201%250AELL5-XXXXXXXXX_A%252FPower%252FInstant%252FReactive%252FNegative%252FL1%252Funit%2520kvar%250AELL5-XXXXXXXXX_A%252FPower%252FInstant%252FReactive%252FNegative%252FL2%252Fvalue%25200000.183%250AELL5-XXXXXXXXX_A%252FPower%252FInstant%252FReactive%252FNegative%252FL2%252Funit%2520kvar%250AELL5-XXXXXXXXX_A%252FPower%252FInstant%252FReactive%252FNegative%252FL3%252Fvalue%25200000.060%250AELL5-XXXXXXXXX_A%252FPower%252FInstant%252FReactive%252FNegative%252FL3%252Funit%2520kvar%250AELL5-XXXXXXXXX_A%252FVoltage%252FInstant%252FL1%252Fvalue%2520238.4%250AELL5-XXXXXXXXX_A%252FVoltage%252FInstant%252FL1%252Funit%2520V%250AELL5-XXXXXXXXX_A%252FVoltage%252FInstant%252FL2%252Fvalue%2520237.6%250AELL5-XXXXXXXXX_A%252FVoltage%252FInstant%252FL2%252Funit%2520V%250AELL5-XXXXXXXXX_A%252FVoltage%252FInstant%252FL3%252Fvalue%2520239.9%250AELL5-XXXXXXXXX_A%252FVoltage%252FInstant%252FL3%252Funit%2520V%250AELL5-XXXXXXXXX_A%252FCurrent%252FInstant%252FL1%252Fvalue%2520001.3%250AELL5-XXXXXXXXX_A%252FCurrent%252FInstant%252FL1%252Funit%2520A%250AELL5-XXXXXXXXX_A%252FCurrent%252FInstant%252FL2%252Fvalue%2520001.9%250AELL5-XXXXXXXXX_A%252FCurrent%252FInstant%252FL2%252Funit%2520A%250AELL5-XXXXXXXXX_A%252FCurrent%252FInstant%252FL3%252Fvalue%2520000.5%250AELL5-XXXXXXXXX_A%252FCurrent%252FInstant%252FL3%252Funit%2520A\"\n  style=\"width: 100%; height: 1161px; border:0; transform: scale(1); overflow:hidden;\"\n  sandbox=\"allow-scripts allow-same-origin\">\n<\/iframe>\n\n\n\n\n<p>Man kan ocks\u00e5 l\u00e4sa r\u00e5datan s\u00e5som den kommer direkt fr\u00e5n elm\u00e4taren om man har enheten kopplad till en P1\/HAN elm\u00e4tare. R\u00e5datan skickas d\u00e5 till <code>&lt;enhets-id>\/raw<\/code>. Ett exempel p\u00e5 det visas nedan:<\/p>\n\n\n\n<iframe\n  src=\"https:\/\/carbon.now.sh\/embed?bg=rgba%28171%2C184%2C195%2C0%29&#038;t=a11y-dark&#038;wt=none&#038;l=text&#038;width=680&#038;ds=true&#038;dsyoff=0px&#038;dsblur=18px&#038;wc=false&#038;wa=false&#038;pv=56px&#038;ph=56px&#038;ln=false&#038;fl=1&#038;fm=Hack&#038;fs=14px&#038;lh=133%25&#038;si=false&#038;es=2x&#038;wm=false&#038;code=%2524%2520mosquitto_sub%2520-h%2520%253Cserveraddress%253E%2520-t%2520%2522EMR_465424%252Fraw%2522%2520-v%250A%250AEMR_465424%252Fraw%2520%252FELL5%255C253833635_A%250A%250A0-0%253A1.0.0%28240215190236W%29%250A1-0%253A1.8.0%2800054212.665*kWh%29%250A1-0%253A2.8.0%2800000007.033*kWh%29%250A1-0%253A3.8.0%2800000000.523*kvarh%29%250A1-0%253A4.8.0%2800016202.105*kvarh%29%250A1-0%253A1.7.0%280001.416*kW%29%250A1-0%253A2.7.0%280000.000*kW%29%250A1-0%253A3.7.0%280000.000*kvar%29%250A1-0%253A4.7.0%280000.622*kvar%29%250A1-0%253A21.7.0%280000.000*kW%29%250A1-0%253A41.7.0%280001.470*kW%29%250A1-0%253A61.7.0%280000.038*kW%29%250A1-0%253A22.7.0%280000.091*kW%29%250A1-0%253A42.7.0%280000.000*kW%29%250A1-0%253A62.7.0%280000.000*kW%29%250A1-0%253A23.7.0%280000.000*kvar%29%250A1-0%253A43.7.0%280000.000*kvar%29%250A1-0%253A63.7.0%280000.000*kvar%29%250A1-0%253A24.7.0%280000.244*kvar%29%250A1-0%253A44.7.0%280000.260*kvar%29%250A1-0%253A64.7.0%280000.117*kvar%29%250A1-0%253A32.7.0%28238.5*V%29%250A1-0%253A52.7.0%28235.8*V%29%250A1-0%253A72.7.0%28239.3*V%29%250A1-0%253A31.7.0%28001.2*A%29%250A1-0%253A51.7.0%28006.3*A%29%250A1-0%253A71.7.0%28001.1*A%29%250A%21D4B3\"\n  style=\"width: 100%; height: 752px; border:0; transform: scale(1); overflow:hidden;\"\n  sandbox=\"allow-scripts allow-same-origin\">\n<\/iframe>\n\n","protected":false},"excerpt":{"rendered":"<p>M\u00e4tarst\u00e4llningen kan smidigt och enkelt l\u00e4sas fr\u00e5n en MQTT broker. M\u00e4tv\u00e4rdena delas upp automatiskt av enheten och skickas p\u00e5 olika kanaler (topics) till MQTT brokern f\u00f6r att underl\u00e4tta tolkning av informationen. Enheten skickar alla m\u00e4tv\u00e4rden till kanaler som genereras beroende p\u00e5 deras OBIS koder och delas upp p\u00e5 v\u00e4rden och enhetsbeteckningar. En klient som prenumererar [&hellip;]<\/p>\n","protected":false},"author":2,"featured_media":0,"parent":766,"menu_order":0,"comment_status":"closed","ping_status":"closed","template":"","meta":{"footnotes":""},"yoast_head":"<!-- This site is optimized with the Yoast SEO plugin v21.7 - https:\/\/yoast.com\/wordpress\/plugins\/seo\/ -->\n<title>L\u00e4sa P1\/HAN m\u00e4tarst\u00e4llning med MQTT - Energy Intelligence<\/title>\n<meta name=\"description\" content=\"M\u00e4tarst\u00e4llningen kan smidigt och enkelt l\u00e4sas fr\u00e5n en MQTT broker. M\u00e4tv\u00e4rdena delas upp automatiskt av enheten och skickas p\u00e5 olika kanaler (topics) till MQTT brokern f\u00f6r att underl\u00e4tta tolkning av informationen.\" \/>\n<meta name=\"robots\" content=\"index, follow, max-snippet:-1, max-image-preview:large, max-video-preview:-1\" \/>\n<link rel=\"canonical\" href=\"https:\/\/energyintelligence.se\/shop\/anvandarmanual\/utlasning-av-matarstallning\/mqtt\/\" \/>\n<meta property=\"og:locale\" content=\"sv_SE\" \/>\n<meta property=\"og:type\" content=\"article\" \/>\n<meta property=\"og:title\" content=\"L\u00e4sa P1\/HAN m\u00e4tarst\u00e4llning med MQTT - Energy Intelligence\" \/>\n<meta property=\"og:description\" content=\"M\u00e4tarst\u00e4llningen kan smidigt och enkelt l\u00e4sas fr\u00e5n en MQTT broker. M\u00e4tv\u00e4rdena delas upp automatiskt av enheten och skickas p\u00e5 olika kanaler (topics) till MQTT brokern f\u00f6r att underl\u00e4tta tolkning av informationen.\" \/>\n<meta property=\"og:url\" content=\"https:\/\/energyintelligence.se\/shop\/anvandarmanual\/utlasning-av-matarstallning\/mqtt\/\" \/>\n<meta property=\"og:site_name\" content=\"Energy Intelligence\" \/>\n<meta property=\"article:modified_time\" content=\"2024-02-16T09:59:40+00:00\" \/>\n<meta name=\"twitter:card\" content=\"summary_large_image\" \/>\n<meta name=\"twitter:label1\" content=\"Ber\u00e4knad l\u00e4stid\" \/>\n\t<meta name=\"twitter:data1\" content=\"1 minut\" \/>\n<script type=\"application\/ld+json\" class=\"yoast-schema-graph\">{\"@context\":\"https:\/\/schema.org\",\"@graph\":[{\"@type\":\"WebPage\",\"@id\":\"https:\/\/energyintelligence.se\/shop\/anvandarmanual\/utlasning-av-matarstallning\/mqtt\/\",\"url\":\"https:\/\/energyintelligence.se\/shop\/anvandarmanual\/utlasning-av-matarstallning\/mqtt\/\",\"name\":\"L\u00e4sa P1\/HAN m\u00e4tarst\u00e4llning med MQTT - Energy Intelligence\",\"isPartOf\":{\"@id\":\"https:\/\/energyintelligence.se\/shop\/#website\"},\"datePublished\":\"2024-02-15T19:07:48+00:00\",\"dateModified\":\"2024-02-16T09:59:40+00:00\",\"description\":\"M\u00e4tarst\u00e4llningen kan smidigt och enkelt l\u00e4sas fr\u00e5n en MQTT broker. M\u00e4tv\u00e4rdena delas upp automatiskt av enheten och skickas p\u00e5 olika kanaler (topics) till MQTT brokern f\u00f6r att underl\u00e4tta tolkning av informationen.\",\"breadcrumb\":{\"@id\":\"https:\/\/energyintelligence.se\/shop\/anvandarmanual\/utlasning-av-matarstallning\/mqtt\/#breadcrumb\"},\"inLanguage\":\"sv-SE\",\"potentialAction\":[{\"@type\":\"ReadAction\",\"target\":[\"https:\/\/energyintelligence.se\/shop\/anvandarmanual\/utlasning-av-matarstallning\/mqtt\/\"]}]},{\"@type\":\"BreadcrumbList\",\"@id\":\"https:\/\/energyintelligence.se\/shop\/anvandarmanual\/utlasning-av-matarstallning\/mqtt\/#breadcrumb\",\"itemListElement\":[{\"@type\":\"ListItem\",\"position\":1,\"name\":\"Hem\",\"item\":\"https:\/\/energyintelligence.se\/shop\/\"},{\"@type\":\"ListItem\",\"position\":2,\"name\":\"Anv\u00e4ndarmanual\",\"item\":\"https:\/\/energyintelligence.se\/shop\/anvandarmanual\/\"},{\"@type\":\"ListItem\",\"position\":3,\"name\":\"Utl\u00e4sning av m\u00e4tarst\u00e4llning\",\"item\":\"https:\/\/energyintelligence.se\/shop\/anvandarmanual\/utlasning-av-matarstallning\/\"},{\"@type\":\"ListItem\",\"position\":4,\"name\":\"MQTT\"}]},{\"@type\":\"WebSite\",\"@id\":\"https:\/\/energyintelligence.se\/shop\/#website\",\"url\":\"https:\/\/energyintelligence.se\/shop\/\",\"name\":\"Energy Intelligence\",\"description\":\"Ta kontroll \u00f6ver din elf\u00f6rbrukning\",\"publisher\":{\"@id\":\"https:\/\/energyintelligence.se\/shop\/#organization\"},\"potentialAction\":[{\"@type\":\"SearchAction\",\"target\":{\"@type\":\"EntryPoint\",\"urlTemplate\":\"https:\/\/energyintelligence.se\/shop\/?s={search_term_string}\"},\"query-input\":\"required name=search_term_string\"}],\"inLanguage\":\"sv-SE\"},{\"@type\":\"Organization\",\"@id\":\"https:\/\/energyintelligence.se\/shop\/#organization\",\"name\":\"Notima Energy Intelligence AB\",\"url\":\"https:\/\/energyintelligence.se\/shop\/\",\"logo\":{\"@type\":\"ImageObject\",\"inLanguage\":\"sv-SE\",\"@id\":\"https:\/\/energyintelligence.se\/shop\/#\/schema\/logo\/image\/\",\"url\":\"https:\/\/energyintelligence.se\/shop\/wp-content\/uploads\/2023\/11\/cropped-EI-300x66-1.png\",\"contentUrl\":\"https:\/\/energyintelligence.se\/shop\/wp-content\/uploads\/2023\/11\/cropped-EI-300x66-1.png\",\"width\":300,\"height\":66,\"caption\":\"Notima Energy Intelligence AB\"},\"image\":{\"@id\":\"https:\/\/energyintelligence.se\/shop\/#\/schema\/logo\/image\/\"}}]}<\/script>\n<!-- \/ Yoast SEO plugin. -->","yoast_head_json":{"title":"L\u00e4sa P1\/HAN m\u00e4tarst\u00e4llning med MQTT - Energy Intelligence","description":"M\u00e4tarst\u00e4llningen kan smidigt och enkelt l\u00e4sas fr\u00e5n en MQTT broker. M\u00e4tv\u00e4rdena delas upp automatiskt av enheten och skickas p\u00e5 olika kanaler (topics) till MQTT brokern f\u00f6r att underl\u00e4tta tolkning av informationen.","robots":{"index":"index","follow":"follow","max-snippet":"max-snippet:-1","max-image-preview":"max-image-preview:large","max-video-preview":"max-video-preview:-1"},"canonical":"https:\/\/energyintelligence.se\/shop\/anvandarmanual\/utlasning-av-matarstallning\/mqtt\/","og_locale":"sv_SE","og_type":"article","og_title":"L\u00e4sa P1\/HAN m\u00e4tarst\u00e4llning med MQTT - Energy Intelligence","og_description":"M\u00e4tarst\u00e4llningen kan smidigt och enkelt l\u00e4sas fr\u00e5n en MQTT broker. M\u00e4tv\u00e4rdena delas upp automatiskt av enheten och skickas p\u00e5 olika kanaler (topics) till MQTT brokern f\u00f6r att underl\u00e4tta tolkning av informationen.","og_url":"https:\/\/energyintelligence.se\/shop\/anvandarmanual\/utlasning-av-matarstallning\/mqtt\/","og_site_name":"Energy Intelligence","article_modified_time":"2024-02-16T09:59:40+00:00","twitter_card":"summary_large_image","twitter_misc":{"Ber\u00e4knad l\u00e4stid":"1 minut"},"schema":{"@context":"https:\/\/schema.org","@graph":[{"@type":"WebPage","@id":"https:\/\/energyintelligence.se\/shop\/anvandarmanual\/utlasning-av-matarstallning\/mqtt\/","url":"https:\/\/energyintelligence.se\/shop\/anvandarmanual\/utlasning-av-matarstallning\/mqtt\/","name":"L\u00e4sa P1\/HAN m\u00e4tarst\u00e4llning med MQTT - Energy Intelligence","isPartOf":{"@id":"https:\/\/energyintelligence.se\/shop\/#website"},"datePublished":"2024-02-15T19:07:48+00:00","dateModified":"2024-02-16T09:59:40+00:00","description":"M\u00e4tarst\u00e4llningen kan smidigt och enkelt l\u00e4sas fr\u00e5n en MQTT broker. M\u00e4tv\u00e4rdena delas upp automatiskt av enheten och skickas p\u00e5 olika kanaler (topics) till MQTT brokern f\u00f6r att underl\u00e4tta tolkning av informationen.","breadcrumb":{"@id":"https:\/\/energyintelligence.se\/shop\/anvandarmanual\/utlasning-av-matarstallning\/mqtt\/#breadcrumb"},"inLanguage":"sv-SE","potentialAction":[{"@type":"ReadAction","target":["https:\/\/energyintelligence.se\/shop\/anvandarmanual\/utlasning-av-matarstallning\/mqtt\/"]}]},{"@type":"BreadcrumbList","@id":"https:\/\/energyintelligence.se\/shop\/anvandarmanual\/utlasning-av-matarstallning\/mqtt\/#breadcrumb","itemListElement":[{"@type":"ListItem","position":1,"name":"Hem","item":"https:\/\/energyintelligence.se\/shop\/"},{"@type":"ListItem","position":2,"name":"Anv\u00e4ndarmanual","item":"https:\/\/energyintelligence.se\/shop\/anvandarmanual\/"},{"@type":"ListItem","position":3,"name":"Utl\u00e4sning av m\u00e4tarst\u00e4llning","item":"https:\/\/energyintelligence.se\/shop\/anvandarmanual\/utlasning-av-matarstallning\/"},{"@type":"ListItem","position":4,"name":"MQTT"}]},{"@type":"WebSite","@id":"https:\/\/energyintelligence.se\/shop\/#website","url":"https:\/\/energyintelligence.se\/shop\/","name":"Energy Intelligence","description":"Ta kontroll \u00f6ver din elf\u00f6rbrukning","publisher":{"@id":"https:\/\/energyintelligence.se\/shop\/#organization"},"potentialAction":[{"@type":"SearchAction","target":{"@type":"EntryPoint","urlTemplate":"https:\/\/energyintelligence.se\/shop\/?s={search_term_string}"},"query-input":"required name=search_term_string"}],"inLanguage":"sv-SE"},{"@type":"Organization","@id":"https:\/\/energyintelligence.se\/shop\/#organization","name":"Notima Energy Intelligence AB","url":"https:\/\/energyintelligence.se\/shop\/","logo":{"@type":"ImageObject","inLanguage":"sv-SE","@id":"https:\/\/energyintelligence.se\/shop\/#\/schema\/logo\/image\/","url":"https:\/\/energyintelligence.se\/shop\/wp-content\/uploads\/2023\/11\/cropped-EI-300x66-1.png","contentUrl":"https:\/\/energyintelligence.se\/shop\/wp-content\/uploads\/2023\/11\/cropped-EI-300x66-1.png","width":300,"height":66,"caption":"Notima Energy Intelligence AB"},"image":{"@id":"https:\/\/energyintelligence.se\/shop\/#\/schema\/logo\/image\/"}}]}},"_links":{"self":[{"href":"https:\/\/energyintelligence.se\/shop\/wp-json\/wp\/v2\/pages\/2290"}],"collection":[{"href":"https:\/\/energyintelligence.se\/shop\/wp-json\/wp\/v2\/pages"}],"about":[{"href":"https:\/\/energyintelligence.se\/shop\/wp-json\/wp\/v2\/types\/page"}],"author":[{"embeddable":true,"href":"https:\/\/energyintelligence.se\/shop\/wp-json\/wp\/v2\/users\/2"}],"replies":[{"embeddable":true,"href":"https:\/\/energyintelligence.se\/shop\/wp-json\/wp\/v2\/comments?post=2290"}],"version-history":[{"count":2,"href":"https:\/\/energyintelligence.se\/shop\/wp-json\/wp\/v2\/pages\/2290\/revisions"}],"predecessor-version":[{"id":2306,"href":"https:\/\/energyintelligence.se\/shop\/wp-json\/wp\/v2\/pages\/2290\/revisions\/2306"}],"up":[{"embeddable":true,"href":"https:\/\/energyintelligence.se\/shop\/wp-json\/wp\/v2\/pages\/766"}],"wp:attachment":[{"href":"https:\/\/energyintelligence.se\/shop\/wp-json\/wp\/v2\/media?parent=2290"}],"curies":[{"name":"wp","href":"https:\/\/api.w.org\/{rel}","templated":true}]}}