{"id":1595,"date":"2023-04-20T11:10:54","date_gmt":"2023-04-20T09:10:54","guid":{"rendered":"https:\/\/energyintelligence.se\/shop\/?post_type=product&#038;p=1595"},"modified":"2025-10-29T21:20:31","modified_gmt":"2025-10-29T19:20:31","slug":"wi-fi-antenn-med-magnetfaste","status":"publish","type":"product","link":"https:\/\/energyintelligence.se\/shop\/product\/wi-fi-antenn-med-magnetfaste\/","title":{"rendered":"Wi-Fi antenn med magnetf\u00e4ste"},"content":{"rendered":"","protected":false},"excerpt":{"rendered":"<p>F\u00e5 b\u00e4ttre t\u00e4ckning till din l\u00e4sare med denna externa antenn. Du kan enkelt placera den d\u00e4r t\u00e4ckningen \u00e4r som b\u00e4st tack vare den magnetiska monteringsbasen. Om du har l\u00e4saren i exempelvis ett pl\u00e5tsk\u00e5p brukar det ge mycket b\u00e4ttre signalstyrka om man monterar denna utanp\u00e5 sk\u00e5pet och drar in kabeln i sk\u00e5pet f\u00f6r att sedan f\u00e4sta kontakten p\u00e5 elm\u00e4taravl\u00e4sarens antennkontakt.<\/p>\n","protected":false},"featured_media":1596,"template":"","meta":[],"product_cat":[15],"product_tag":[],"yoast_head":"<!-- This site is optimized with the Yoast SEO plugin v21.7 - https:\/\/yoast.com\/wordpress\/plugins\/seo\/ -->\n<title>Wi-Fi antenn med magnetf\u00e4ste - Energy Intelligence<\/title>\n<meta name=\"description\" content=\"F\u00e5 b\u00e4ttre t\u00e4ckning till din l\u00e4sare med denna externa antenn. Du kan enkelt placera den d\u00e4r t\u00e4ckningen \u00e4r som b\u00e4st tack vare den magnetiska monteringsbasen.\" \/>\n<meta name=\"robots\" content=\"index, follow, max-snippet:-1, max-image-preview:large, max-video-preview:-1\" \/>\n<link rel=\"canonical\" href=\"https:\/\/energyintelligence.se\/shop\/product\/wi-fi-antenn-med-magnetfaste\/\" \/>\n<meta property=\"og:locale\" content=\"sv_SE\" \/>\n<meta property=\"og:type\" content=\"article\" \/>\n<meta property=\"og:title\" content=\"Wi-Fi antenn med magnetf\u00e4ste - Energy Intelligence\" \/>\n<meta property=\"og:description\" content=\"F\u00e5 b\u00e4ttre t\u00e4ckning till din l\u00e4sare med denna externa antenn. Du kan enkelt placera den d\u00e4r t\u00e4ckningen \u00e4r som b\u00e4st tack vare den magnetiska monteringsbasen.\" \/>\n<meta property=\"og:url\" content=\"https:\/\/energyintelligence.se\/shop\/product\/wi-fi-antenn-med-magnetfaste\/\" \/>\n<meta property=\"og:site_name\" content=\"Energy Intelligence\" \/>\n<meta property=\"article:modified_time\" content=\"2025-10-29T19:20:31+00:00\" \/>\n<meta property=\"og:image\" content=\"https:\/\/energyintelligence.se\/shop\/wp-content\/uploads\/2023\/04\/teltonika-wifi-magnetisk-rp-sma-antenn-3-dbi.jpg\" \/>\n\t<meta property=\"og:image:width\" content=\"640\" \/>\n\t<meta property=\"og:image:height\" content=\"628\" \/>\n\t<meta property=\"og:image:type\" content=\"image\/jpeg\" \/>\n<meta name=\"twitter:card\" content=\"summary_large_image\" \/>\n<meta name=\"twitter:label1\" content=\"Ber\u00e4knad l\u00e4stid\" \/>\n\t<meta name=\"twitter:data1\" content=\"1 minut\" \/>\n<script type=\"application\/ld+json\" class=\"yoast-schema-graph\">{\"@context\":\"https:\/\/schema.org\",\"@graph\":[{\"@type\":\"WebPage\",\"@id\":\"https:\/\/energyintelligence.se\/shop\/product\/wi-fi-antenn-med-magnetfaste\/\",\"url\":\"https:\/\/energyintelligence.se\/shop\/product\/wi-fi-antenn-med-magnetfaste\/\",\"name\":\"Wi-Fi antenn med magnetf\u00e4ste - Energy Intelligence\",\"isPartOf\":{\"@id\":\"https:\/\/energyintelligence.se\/shop\/#website\"},\"datePublished\":\"2023-04-20T09:10:54+00:00\",\"dateModified\":\"2025-10-29T19:20:31+00:00\",\"description\":\"F\u00e5 b\u00e4ttre t\u00e4ckning till din l\u00e4sare med denna externa antenn. Du kan enkelt placera den d\u00e4r t\u00e4ckningen \u00e4r som b\u00e4st tack vare den magnetiska monteringsbasen.\",\"breadcrumb\":{\"@id\":\"https:\/\/energyintelligence.se\/shop\/product\/wi-fi-antenn-med-magnetfaste\/#breadcrumb\"},\"inLanguage\":\"sv-SE\",\"potentialAction\":[{\"@type\":\"ReadAction\",\"target\":[\"https:\/\/energyintelligence.se\/shop\/product\/wi-fi-antenn-med-magnetfaste\/\"]}]},{\"@type\":\"BreadcrumbList\",\"@id\":\"https:\/\/energyintelligence.se\/shop\/product\/wi-fi-antenn-med-magnetfaste\/#breadcrumb\",\"itemListElement\":[{\"@type\":\"ListItem\",\"position\":1,\"name\":\"Hem\",\"item\":\"https:\/\/energyintelligence.se\/shop\/\"},{\"@type\":\"ListItem\",\"position\":2,\"name\":\"Ta kontroll \u00f6ver din elf\u00f6rbrukning helt utan abonnemang eller till\u00e4ggstj\u00e4nster\",\"item\":\"https:\/\/energyintelligence.se\/shop\/\"},{\"@type\":\"ListItem\",\"position\":3,\"name\":\"Wi-Fi antenn med magnetf\u00e4ste\"}]},{\"@type\":\"WebSite\",\"@id\":\"https:\/\/energyintelligence.se\/shop\/#website\",\"url\":\"https:\/\/energyintelligence.se\/shop\/\",\"name\":\"Energy Intelligence\",\"description\":\"Ta kontroll \u00f6ver din elf\u00f6rbrukning\",\"publisher\":{\"@id\":\"https:\/\/energyintelligence.se\/shop\/#organization\"},\"potentialAction\":[{\"@type\":\"SearchAction\",\"target\":{\"@type\":\"EntryPoint\",\"urlTemplate\":\"https:\/\/energyintelligence.se\/shop\/?s={search_term_string}\"},\"query-input\":\"required name=search_term_string\"}],\"inLanguage\":\"sv-SE\"},{\"@type\":\"Organization\",\"@id\":\"https:\/\/energyintelligence.se\/shop\/#organization\",\"name\":\"Notima Energy Intelligence AB\",\"url\":\"https:\/\/energyintelligence.se\/shop\/\",\"logo\":{\"@type\":\"ImageObject\",\"inLanguage\":\"sv-SE\",\"@id\":\"https:\/\/energyintelligence.se\/shop\/#\/schema\/logo\/image\/\",\"url\":\"https:\/\/energyintelligence.se\/shop\/wp-content\/uploads\/2023\/11\/cropped-EI-300x66-1.png\",\"contentUrl\":\"https:\/\/energyintelligence.se\/shop\/wp-content\/uploads\/2023\/11\/cropped-EI-300x66-1.png\",\"width\":300,\"height\":66,\"caption\":\"Notima Energy Intelligence AB\"},\"image\":{\"@id\":\"https:\/\/energyintelligence.se\/shop\/#\/schema\/logo\/image\/\"}}]}<\/script>\n<!-- \/ Yoast SEO plugin. -->","yoast_head_json":{"title":"Wi-Fi antenn med magnetf\u00e4ste - Energy Intelligence","description":"F\u00e5 b\u00e4ttre t\u00e4ckning till din l\u00e4sare med denna externa antenn. Du kan enkelt placera den d\u00e4r t\u00e4ckningen \u00e4r som b\u00e4st tack vare den magnetiska monteringsbasen.","robots":{"index":"index","follow":"follow","max-snippet":"max-snippet:-1","max-image-preview":"max-image-preview:large","max-video-preview":"max-video-preview:-1"},"canonical":"https:\/\/energyintelligence.se\/shop\/product\/wi-fi-antenn-med-magnetfaste\/","og_locale":"sv_SE","og_type":"article","og_title":"Wi-Fi antenn med magnetf\u00e4ste - Energy Intelligence","og_description":"F\u00e5 b\u00e4ttre t\u00e4ckning till din l\u00e4sare med denna externa antenn. Du kan enkelt placera den d\u00e4r t\u00e4ckningen \u00e4r som b\u00e4st tack vare den magnetiska monteringsbasen.","og_url":"https:\/\/energyintelligence.se\/shop\/product\/wi-fi-antenn-med-magnetfaste\/","og_site_name":"Energy Intelligence","article_modified_time":"2025-10-29T19:20:31+00:00","og_image":[{"width":640,"height":628,"url":"https:\/\/energyintelligence.se\/shop\/wp-content\/uploads\/2023\/04\/teltonika-wifi-magnetisk-rp-sma-antenn-3-dbi.jpg","type":"image\/jpeg"}],"twitter_card":"summary_large_image","twitter_misc":{"Ber\u00e4knad l\u00e4stid":"1 minut"},"schema":{"@context":"https:\/\/schema.org","@graph":[{"@type":"WebPage","@id":"https:\/\/energyintelligence.se\/shop\/product\/wi-fi-antenn-med-magnetfaste\/","url":"https:\/\/energyintelligence.se\/shop\/product\/wi-fi-antenn-med-magnetfaste\/","name":"Wi-Fi antenn med magnetf\u00e4ste - Energy Intelligence","isPartOf":{"@id":"https:\/\/energyintelligence.se\/shop\/#website"},"datePublished":"2023-04-20T09:10:54+00:00","dateModified":"2025-10-29T19:20:31+00:00","description":"F\u00e5 b\u00e4ttre t\u00e4ckning till din l\u00e4sare med denna externa antenn. Du kan enkelt placera den d\u00e4r t\u00e4ckningen \u00e4r som b\u00e4st tack vare den magnetiska monteringsbasen.","breadcrumb":{"@id":"https:\/\/energyintelligence.se\/shop\/product\/wi-fi-antenn-med-magnetfaste\/#breadcrumb"},"inLanguage":"sv-SE","potentialAction":[{"@type":"ReadAction","target":["https:\/\/energyintelligence.se\/shop\/product\/wi-fi-antenn-med-magnetfaste\/"]}]},{"@type":"BreadcrumbList","@id":"https:\/\/energyintelligence.se\/shop\/product\/wi-fi-antenn-med-magnetfaste\/#breadcrumb","itemListElement":[{"@type":"ListItem","position":1,"name":"Hem","item":"https:\/\/energyintelligence.se\/shop\/"},{"@type":"ListItem","position":2,"name":"Ta kontroll \u00f6ver din elf\u00f6rbrukning helt utan abonnemang eller till\u00e4ggstj\u00e4nster","item":"https:\/\/energyintelligence.se\/shop\/"},{"@type":"ListItem","position":3,"name":"Wi-Fi antenn med magnetf\u00e4ste"}]},{"@type":"WebSite","@id":"https:\/\/energyintelligence.se\/shop\/#website","url":"https:\/\/energyintelligence.se\/shop\/","name":"Energy Intelligence","description":"Ta kontroll \u00f6ver din elf\u00f6rbrukning","publisher":{"@id":"https:\/\/energyintelligence.se\/shop\/#organization"},"potentialAction":[{"@type":"SearchAction","target":{"@type":"EntryPoint","urlTemplate":"https:\/\/energyintelligence.se\/shop\/?s={search_term_string}"},"query-input":"required name=search_term_string"}],"inLanguage":"sv-SE"},{"@type":"Organization","@id":"https:\/\/energyintelligence.se\/shop\/#organization","name":"Notima Energy Intelligence AB","url":"https:\/\/energyintelligence.se\/shop\/","logo":{"@type":"ImageObject","inLanguage":"sv-SE","@id":"https:\/\/energyintelligence.se\/shop\/#\/schema\/logo\/image\/","url":"https:\/\/energyintelligence.se\/shop\/wp-content\/uploads\/2023\/11\/cropped-EI-300x66-1.png","contentUrl":"https:\/\/energyintelligence.se\/shop\/wp-content\/uploads\/2023\/11\/cropped-EI-300x66-1.png","width":300,"height":66,"caption":"Notima Energy Intelligence AB"},"image":{"@id":"https:\/\/energyintelligence.se\/shop\/#\/schema\/logo\/image\/"}}]}},"_links":{"self":[{"href":"https:\/\/energyintelligence.se\/shop\/wp-json\/wp\/v2\/product\/1595"}],"collection":[{"href":"https:\/\/energyintelligence.se\/shop\/wp-json\/wp\/v2\/product"}],"about":[{"href":"https:\/\/energyintelligence.se\/shop\/wp-json\/wp\/v2\/types\/product"}],"wp:featuredmedia":[{"embeddable":true,"href":"https:\/\/energyintelligence.se\/shop\/wp-json\/wp\/v2\/media\/1596"}],"wp:attachment":[{"href":"https:\/\/energyintelligence.se\/shop\/wp-json\/wp\/v2\/media?parent=1595"}],"wp:term":[{"taxonomy":"product_cat","embeddable":true,"href":"https:\/\/energyintelligence.se\/shop\/wp-json\/wp\/v2\/product_cat?post=1595"},{"taxonomy":"product_tag","embeddable":true,"href":"https:\/\/energyintelligence.se\/shop\/wp-json\/wp\/v2\/product_tag?post=1595"}],"curies":[{"name":"wp","href":"https:\/\/api.w.org\/{rel}","templated":true}]}}