{"id":1627,"date":"2024-03-13T17:33:29","date_gmt":"2024-03-13T15:33:29","guid":{"rendered":"https:\/\/energyintelligence.se\/shop\/?post_type=product&#038;p=1627"},"modified":"2025-10-27T11:43:33","modified_gmt":"2025-10-27T09:43:33","slug":"elmatare-gnm1d-rs485","status":"publish","type":"product","link":"https:\/\/energyintelligence.se\/shop\/product\/elmatare-gnm1d-rs485\/","title":{"rendered":"Elm\u00e4tare Garo 1-fas GNM1D"},"content":{"rendered":"","protected":false},"excerpt":{"rendered":"<p>Elm\u00e4tare 1-fas GNM1D \u00e4r en m\u00e4tare anpassad f\u00f6r DIN-montage. M\u00e4taren m\u00e4ter upp till 45A och har modbusutg\u00e5ng f\u00f6r energif\u00f6rbruknings avl\u00e4sning.<\/p>\n","protected":false},"featured_media":1628,"template":"","meta":[],"product_cat":[32],"product_tag":[],"yoast_head":"<!-- This site is optimized with the Yoast SEO plugin v21.7 - https:\/\/yoast.com\/wordpress\/plugins\/seo\/ -->\n<title>Elm\u00e4tare Garo 1-fas GNM1D - Energy Intelligence<\/title>\n<meta name=\"description\" content=\"Elm\u00e4tare 1-fas GNM1D \u00e4r en m\u00e4tare anpassad f\u00f6r DIN-montage. M\u00e4taren m\u00e4ter upp till 45A och har modbusutg\u00e5ng f\u00f6r energif\u00f6rbruknings avl\u00e4sning.\" \/>\n<meta name=\"robots\" content=\"index, follow, max-snippet:-1, max-image-preview:large, max-video-preview:-1\" \/>\n<link rel=\"canonical\" href=\"https:\/\/energyintelligence.se\/shop\/product\/elmatare-gnm1d-rs485\/\" \/>\n<meta property=\"og:locale\" content=\"sv_SE\" \/>\n<meta property=\"og:type\" content=\"article\" \/>\n<meta property=\"og:title\" content=\"Elm\u00e4tare Garo 1-fas GNM1D - Energy Intelligence\" \/>\n<meta property=\"og:description\" content=\"Elm\u00e4tare 1-fas GNM1D \u00e4r en m\u00e4tare anpassad f\u00f6r DIN-montage. M\u00e4taren m\u00e4ter upp till 45A och har modbusutg\u00e5ng f\u00f6r energif\u00f6rbruknings avl\u00e4sning.\" \/>\n<meta property=\"og:url\" content=\"https:\/\/energyintelligence.se\/shop\/product\/elmatare-gnm1d-rs485\/\" \/>\n<meta property=\"og:site_name\" content=\"Energy Intelligence\" \/>\n<meta property=\"article:modified_time\" content=\"2025-10-27T09:43:33+00:00\" \/>\n<meta property=\"og:image\" content=\"https:\/\/energyintelligence.se\/shop\/wp-content\/uploads\/2023\/04\/15650195.jpg\" \/>\n\t<meta property=\"og:image:width\" content=\"1127\" \/>\n\t<meta property=\"og:image:height\" content=\"2100\" \/>\n\t<meta property=\"og:image:type\" content=\"image\/jpeg\" \/>\n<meta name=\"twitter:card\" content=\"summary_large_image\" \/>\n<meta name=\"twitter:label1\" content=\"Ber\u00e4knad l\u00e4stid\" \/>\n\t<meta name=\"twitter:data1\" content=\"1 minut\" \/>\n<script type=\"application\/ld+json\" class=\"yoast-schema-graph\">{\"@context\":\"https:\/\/schema.org\",\"@graph\":[{\"@type\":\"WebPage\",\"@id\":\"https:\/\/energyintelligence.se\/shop\/product\/elmatare-gnm1d-rs485\/\",\"url\":\"https:\/\/energyintelligence.se\/shop\/product\/elmatare-gnm1d-rs485\/\",\"name\":\"Elm\u00e4tare Garo 1-fas GNM1D - Energy Intelligence\",\"isPartOf\":{\"@id\":\"https:\/\/energyintelligence.se\/shop\/#website\"},\"datePublished\":\"2024-03-13T15:33:29+00:00\",\"dateModified\":\"2025-10-27T09:43:33+00:00\",\"description\":\"Elm\u00e4tare 1-fas GNM1D \u00e4r en m\u00e4tare anpassad f\u00f6r DIN-montage. M\u00e4taren m\u00e4ter upp till 45A och har modbusutg\u00e5ng f\u00f6r energif\u00f6rbruknings avl\u00e4sning.\",\"breadcrumb\":{\"@id\":\"https:\/\/energyintelligence.se\/shop\/product\/elmatare-gnm1d-rs485\/#breadcrumb\"},\"inLanguage\":\"sv-SE\",\"potentialAction\":[{\"@type\":\"ReadAction\",\"target\":[\"https:\/\/energyintelligence.se\/shop\/product\/elmatare-gnm1d-rs485\/\"]}]},{\"@type\":\"BreadcrumbList\",\"@id\":\"https:\/\/energyintelligence.se\/shop\/product\/elmatare-gnm1d-rs485\/#breadcrumb\",\"itemListElement\":[{\"@type\":\"ListItem\",\"position\":1,\"name\":\"Hem\",\"item\":\"https:\/\/energyintelligence.se\/shop\/\"},{\"@type\":\"ListItem\",\"position\":2,\"name\":\"Ta kontroll \u00f6ver din elf\u00f6rbrukning helt utan abonnemang eller till\u00e4ggstj\u00e4nster\",\"item\":\"https:\/\/energyintelligence.se\/shop\/\"},{\"@type\":\"ListItem\",\"position\":3,\"name\":\"Elm\u00e4tare Garo 1-fas GNM1D\"}]},{\"@type\":\"WebSite\",\"@id\":\"https:\/\/energyintelligence.se\/shop\/#website\",\"url\":\"https:\/\/energyintelligence.se\/shop\/\",\"name\":\"Energy Intelligence\",\"description\":\"Ta kontroll \u00f6ver din elf\u00f6rbrukning\",\"publisher\":{\"@id\":\"https:\/\/energyintelligence.se\/shop\/#organization\"},\"potentialAction\":[{\"@type\":\"SearchAction\",\"target\":{\"@type\":\"EntryPoint\",\"urlTemplate\":\"https:\/\/energyintelligence.se\/shop\/?s={search_term_string}\"},\"query-input\":\"required name=search_term_string\"}],\"inLanguage\":\"sv-SE\"},{\"@type\":\"Organization\",\"@id\":\"https:\/\/energyintelligence.se\/shop\/#organization\",\"name\":\"Notima Energy Intelligence AB\",\"url\":\"https:\/\/energyintelligence.se\/shop\/\",\"logo\":{\"@type\":\"ImageObject\",\"inLanguage\":\"sv-SE\",\"@id\":\"https:\/\/energyintelligence.se\/shop\/#\/schema\/logo\/image\/\",\"url\":\"https:\/\/energyintelligence.se\/shop\/wp-content\/uploads\/2023\/11\/cropped-EI-300x66-1.png\",\"contentUrl\":\"https:\/\/energyintelligence.se\/shop\/wp-content\/uploads\/2023\/11\/cropped-EI-300x66-1.png\",\"width\":300,\"height\":66,\"caption\":\"Notima Energy Intelligence AB\"},\"image\":{\"@id\":\"https:\/\/energyintelligence.se\/shop\/#\/schema\/logo\/image\/\"}}]}<\/script>\n<!-- \/ Yoast SEO plugin. -->","yoast_head_json":{"title":"Elm\u00e4tare Garo 1-fas GNM1D - Energy Intelligence","description":"Elm\u00e4tare 1-fas GNM1D \u00e4r en m\u00e4tare anpassad f\u00f6r DIN-montage. M\u00e4taren m\u00e4ter upp till 45A och har modbusutg\u00e5ng f\u00f6r energif\u00f6rbruknings avl\u00e4sning.","robots":{"index":"index","follow":"follow","max-snippet":"max-snippet:-1","max-image-preview":"max-image-preview:large","max-video-preview":"max-video-preview:-1"},"canonical":"https:\/\/energyintelligence.se\/shop\/product\/elmatare-gnm1d-rs485\/","og_locale":"sv_SE","og_type":"article","og_title":"Elm\u00e4tare Garo 1-fas GNM1D - Energy Intelligence","og_description":"Elm\u00e4tare 1-fas GNM1D \u00e4r en m\u00e4tare anpassad f\u00f6r DIN-montage. M\u00e4taren m\u00e4ter upp till 45A och har modbusutg\u00e5ng f\u00f6r energif\u00f6rbruknings avl\u00e4sning.","og_url":"https:\/\/energyintelligence.se\/shop\/product\/elmatare-gnm1d-rs485\/","og_site_name":"Energy Intelligence","article_modified_time":"2025-10-27T09:43:33+00:00","og_image":[{"width":1127,"height":2100,"url":"https:\/\/energyintelligence.se\/shop\/wp-content\/uploads\/2023\/04\/15650195.jpg","type":"image\/jpeg"}],"twitter_card":"summary_large_image","twitter_misc":{"Ber\u00e4knad l\u00e4stid":"1 minut"},"schema":{"@context":"https:\/\/schema.org","@graph":[{"@type":"WebPage","@id":"https:\/\/energyintelligence.se\/shop\/product\/elmatare-gnm1d-rs485\/","url":"https:\/\/energyintelligence.se\/shop\/product\/elmatare-gnm1d-rs485\/","name":"Elm\u00e4tare Garo 1-fas GNM1D - Energy Intelligence","isPartOf":{"@id":"https:\/\/energyintelligence.se\/shop\/#website"},"datePublished":"2024-03-13T15:33:29+00:00","dateModified":"2025-10-27T09:43:33+00:00","description":"Elm\u00e4tare 1-fas GNM1D \u00e4r en m\u00e4tare anpassad f\u00f6r DIN-montage. M\u00e4taren m\u00e4ter upp till 45A och har modbusutg\u00e5ng f\u00f6r energif\u00f6rbruknings avl\u00e4sning.","breadcrumb":{"@id":"https:\/\/energyintelligence.se\/shop\/product\/elmatare-gnm1d-rs485\/#breadcrumb"},"inLanguage":"sv-SE","potentialAction":[{"@type":"ReadAction","target":["https:\/\/energyintelligence.se\/shop\/product\/elmatare-gnm1d-rs485\/"]}]},{"@type":"BreadcrumbList","@id":"https:\/\/energyintelligence.se\/shop\/product\/elmatare-gnm1d-rs485\/#breadcrumb","itemListElement":[{"@type":"ListItem","position":1,"name":"Hem","item":"https:\/\/energyintelligence.se\/shop\/"},{"@type":"ListItem","position":2,"name":"Ta kontroll \u00f6ver din elf\u00f6rbrukning helt utan abonnemang eller till\u00e4ggstj\u00e4nster","item":"https:\/\/energyintelligence.se\/shop\/"},{"@type":"ListItem","position":3,"name":"Elm\u00e4tare Garo 1-fas GNM1D"}]},{"@type":"WebSite","@id":"https:\/\/energyintelligence.se\/shop\/#website","url":"https:\/\/energyintelligence.se\/shop\/","name":"Energy Intelligence","description":"Ta kontroll \u00f6ver din elf\u00f6rbrukning","publisher":{"@id":"https:\/\/energyintelligence.se\/shop\/#organization"},"potentialAction":[{"@type":"SearchAction","target":{"@type":"EntryPoint","urlTemplate":"https:\/\/energyintelligence.se\/shop\/?s={search_term_string}"},"query-input":"required name=search_term_string"}],"inLanguage":"sv-SE"},{"@type":"Organization","@id":"https:\/\/energyintelligence.se\/shop\/#organization","name":"Notima Energy Intelligence AB","url":"https:\/\/energyintelligence.se\/shop\/","logo":{"@type":"ImageObject","inLanguage":"sv-SE","@id":"https:\/\/energyintelligence.se\/shop\/#\/schema\/logo\/image\/","url":"https:\/\/energyintelligence.se\/shop\/wp-content\/uploads\/2023\/11\/cropped-EI-300x66-1.png","contentUrl":"https:\/\/energyintelligence.se\/shop\/wp-content\/uploads\/2023\/11\/cropped-EI-300x66-1.png","width":300,"height":66,"caption":"Notima Energy Intelligence AB"},"image":{"@id":"https:\/\/energyintelligence.se\/shop\/#\/schema\/logo\/image\/"}}]}},"_links":{"self":[{"href":"https:\/\/energyintelligence.se\/shop\/wp-json\/wp\/v2\/product\/1627"}],"collection":[{"href":"https:\/\/energyintelligence.se\/shop\/wp-json\/wp\/v2\/product"}],"about":[{"href":"https:\/\/energyintelligence.se\/shop\/wp-json\/wp\/v2\/types\/product"}],"wp:featuredmedia":[{"embeddable":true,"href":"https:\/\/energyintelligence.se\/shop\/wp-json\/wp\/v2\/media\/1628"}],"wp:attachment":[{"href":"https:\/\/energyintelligence.se\/shop\/wp-json\/wp\/v2\/media?parent=1627"}],"wp:term":[{"taxonomy":"product_cat","embeddable":true,"href":"https:\/\/energyintelligence.se\/shop\/wp-json\/wp\/v2\/product_cat?post=1627"},{"taxonomy":"product_tag","embeddable":true,"href":"https:\/\/energyintelligence.se\/shop\/wp-json\/wp\/v2\/product_tag?post=1627"}],"curies":[{"name":"wp","href":"https:\/\/api.w.org\/{rel}","templated":true}]}}