{"id":2576,"date":"2024-06-03T14:00:06","date_gmt":"2024-06-03T12:00:06","guid":{"rendered":"https:\/\/energyintelligence.se\/shop\/?post_type=product&#038;p=2576"},"modified":"2026-03-18T13:48:57","modified_gmt":"2026-03-18T11:48:57","slug":"rs485-poe","status":"publish","type":"product","link":"https:\/\/energyintelligence.se\/shop\/product\/rs485-poe\/","title":{"rendered":"Modbus\/RS485 master till PoE"},"content":{"rendered":"<p>Denna l\u00e4sare kopplas direkt p\u00e5 en RS-485\/Modbus elm\u00e4tare. M\u00e4tdatat l\u00e4ses av l\u00e4saren som i sin skickar informationen vidare till en MQTT-server. Detta inneb\u00e4r att energif\u00f6rbrukningen enkelt kan l\u00e4sas av via datorsystem som kan ge insikt i energianv\u00e4ndningen.<\/p>\n<p>L\u00e4saren ansluts till n\u00e4tverket och kan enkelt konfigureras med hj\u00e4lp av dator via ett webb-baserat gr\u00e4nssnitt. Power over ethernet (PoE) g\u00f6r att den \u00e4r enkelt att installera och str\u00f6mf\u00f6rs\u00f6rja. Den g\u00e5r \u00e4ven att str\u00f6mf\u00f6rs\u00f6rja via <a href=\"https:\/\/energyintelligence.se\/shop\/product\/stromforsorjning-5-v-din-monterbar\">str\u00f6mplint p\u00e5 5 V<\/a> alternativt str\u00f6m via USB-C.<\/p>\n<p>Enheten \u00e4r gjord f\u00f6r att sitta p\u00e5 en DIN skena d\u00e4r den tar upp tv\u00e5 modulplatser.<\/p>\n<p>Funktioner:<\/p>\n<ul>\n<li>RS-485 anslutningsblock<\/li>\n<li>\u00d6verf\u00f6ring via ethernet av separata m\u00e4tv\u00e4rden till valbar MQTT-server.<\/li>\n<li>Webb-baserat gr\u00e4nssnitt f\u00f6r enkel konfiguration av enheten.<\/li>\n<\/ul>\n<p>Kompatibla elm\u00e4tare<\/p>\n<ul>\n<li>Eastron\u00a0<a href=\"https:\/\/www.energibutiken.se\/sv\/elmatare\/210-elmatare-1-fas-eastron-sdm230-modbus-mid-01006.html\" target=\"_blank\" rel=\"noopener\">SDM230<\/a>\u00a0(1-fas) och\u00a0<a href=\"https:\/\/www.energibutiken.se\/sv\/elmatare\/223-3-fas-elmatare-for-dinskena-eastron-sdm630-modbus-mid-01004.html\" target=\"_blank\" rel=\"noopener\">SDM630<\/a>\u00a0(3-fas)<\/li>\n<li>Garo\u00a0<a href=\"https:\/\/energyintelligence.se\/shop\/product\/elmatare-gnm1d-rs485\/\" target=\"_blank\" rel=\"noopener\">GNM1D<\/a>\u00a0(1-fas) och\u00a0<a href=\"https:\/\/energyintelligence.se\/shop\/product\/elmatare-gnm3d-rs485\/\" target=\"_blank\" rel=\"noopener\">GNM3D<\/a>\u00a0(3-fas)<\/li>\n<li>Carlo Gavazzi EM111 (1-fas) och\u00a0<a href=\"https:\/\/energyintelligence.se\/shop\/product\/elmatare-3-fas-em340\/\">EM340<\/a>\u00a0(3-fas)<\/li>\n<\/ul>\n<p>Enheten kan l\u00e4sa av flera elm\u00e4tare p\u00e5 samma RS-485 slinga<\/p>\n<p><img loading=\"lazy\" decoding=\"async\" class=\"aligncenter size-full wp-image-2237\" src=\"https:\/\/energyintelligence.se\/shop\/wp-content\/uploads\/2022\/09\/Modbus-circuit.png\" sizes=\"(max-width: 588px) 100vw, 588px\" srcset=\"https:\/\/energyintelligence.se\/shop\/wp-content\/uploads\/2022\/09\/Modbus-circuit.png 588w, https:\/\/energyintelligence.se\/shop\/wp-content\/uploads\/2022\/09\/Modbus-circuit-300x202.png 300w, https:\/\/energyintelligence.se\/shop\/wp-content\/uploads\/2022\/09\/Modbus-circuit-416x280.png 416w\" alt=\"\" width=\"588\" height=\"396\" \/><\/p>\n<p>F\u00f6r information om anv\u00e4ndning, se l\u00e4nkarna nedan:<\/p>\n<p><a href=\"https:\/\/energyintelligence.se\/shop\/kom-igang-guide\/\">Kom ig\u00e5ng guide<\/a><br \/>\n<a href=\"https:\/\/energyintelligence.se\/shop\/vanliga-fragor-och-svar\">Vanliga fr\u00e5gor och svar<\/a><br \/>\n<a href=\"https:\/\/energyintelligence.se\/shop\/anvandarmanual\/anslutning-till-elmatare\/modbus-rtu\/\">Modbus RTU<\/a><\/p>\n","protected":false},"excerpt":{"rendered":"<p>L\u00e4s av modbus-utrustning (t ex elm\u00e4tare) och kontrollera din elf\u00f6rbrukning\u00a0 genom att enkelt integrera mot externa system med denna modbus-brygga som via ethernet skickar vidare m\u00e4tarens v\u00e4rden via MQTT.<\/p>\n","protected":false},"featured_media":2579,"template":"","meta":[],"product_cat":[23],"product_tag":[],"yoast_head":"<!-- This site is optimized with the Yoast SEO plugin v21.7 - https:\/\/yoast.com\/wordpress\/plugins\/seo\/ -->\n<title>Modbus\/RS485 master till PoE - Energy Intelligence<\/title>\n<meta name=\"robots\" content=\"index, follow, max-snippet:-1, max-image-preview:large, max-video-preview:-1\" \/>\n<link rel=\"canonical\" href=\"https:\/\/energyintelligence.se\/shop\/product\/rs485-poe\/\" \/>\n<meta property=\"og:locale\" content=\"sv_SE\" \/>\n<meta property=\"og:type\" content=\"article\" \/>\n<meta property=\"og:title\" content=\"Modbus\/RS485 master till PoE - Energy Intelligence\" \/>\n<meta property=\"og:description\" content=\"L\u00e4s av modbus-utrustning (t ex elm\u00e4tare) och kontrollera din elf\u00f6rbrukning\u00a0 genom att enkelt integrera mot externa system med denna modbus-brygga som via ethernet skickar vidare m\u00e4tarens v\u00e4rden via MQTT.\" \/>\n<meta property=\"og:url\" content=\"https:\/\/energyintelligence.se\/shop\/product\/rs485-poe\/\" \/>\n<meta property=\"og:site_name\" content=\"Energy Intelligence\" \/>\n<meta property=\"article:modified_time\" content=\"2026-03-18T11:48:57+00:00\" \/>\n<meta property=\"og:image\" content=\"https:\/\/energyintelligence.se\/shop\/wp-content\/uploads\/2024\/05\/Front-right-1.png\" \/>\n\t<meta property=\"og:image:width\" content=\"1266\" \/>\n\t<meta property=\"og:image:height\" content=\"1836\" \/>\n\t<meta property=\"og:image:type\" content=\"image\/png\" \/>\n<meta name=\"twitter:card\" content=\"summary_large_image\" \/>\n<meta name=\"twitter:label1\" content=\"Ber\u00e4knad l\u00e4stid\" \/>\n\t<meta name=\"twitter:data1\" content=\"2 minuter\" \/>\n<script type=\"application\/ld+json\" class=\"yoast-schema-graph\">{\"@context\":\"https:\/\/schema.org\",\"@graph\":[{\"@type\":\"WebPage\",\"@id\":\"https:\/\/energyintelligence.se\/shop\/product\/rs485-poe\/\",\"url\":\"https:\/\/energyintelligence.se\/shop\/product\/rs485-poe\/\",\"name\":\"Modbus\/RS485 master till PoE - Energy Intelligence\",\"isPartOf\":{\"@id\":\"https:\/\/energyintelligence.se\/shop\/#website\"},\"datePublished\":\"2024-06-03T12:00:06+00:00\",\"dateModified\":\"2026-03-18T11:48:57+00:00\",\"breadcrumb\":{\"@id\":\"https:\/\/energyintelligence.se\/shop\/product\/rs485-poe\/#breadcrumb\"},\"inLanguage\":\"sv-SE\",\"potentialAction\":[{\"@type\":\"ReadAction\",\"target\":[\"https:\/\/energyintelligence.se\/shop\/product\/rs485-poe\/\"]}]},{\"@type\":\"BreadcrumbList\",\"@id\":\"https:\/\/energyintelligence.se\/shop\/product\/rs485-poe\/#breadcrumb\",\"itemListElement\":[{\"@type\":\"ListItem\",\"position\":1,\"name\":\"Hem\",\"item\":\"https:\/\/energyintelligence.se\/shop\/\"},{\"@type\":\"ListItem\",\"position\":2,\"name\":\"Ta kontroll \u00f6ver din elf\u00f6rbrukning helt utan abonnemang eller till\u00e4ggstj\u00e4nster\",\"item\":\"https:\/\/energyintelligence.se\/shop\/\"},{\"@type\":\"ListItem\",\"position\":3,\"name\":\"Modbus\/RS485 master till PoE\"}]},{\"@type\":\"WebSite\",\"@id\":\"https:\/\/energyintelligence.se\/shop\/#website\",\"url\":\"https:\/\/energyintelligence.se\/shop\/\",\"name\":\"Energy Intelligence\",\"description\":\"Ta kontroll \u00f6ver din elf\u00f6rbrukning\",\"publisher\":{\"@id\":\"https:\/\/energyintelligence.se\/shop\/#organization\"},\"potentialAction\":[{\"@type\":\"SearchAction\",\"target\":{\"@type\":\"EntryPoint\",\"urlTemplate\":\"https:\/\/energyintelligence.se\/shop\/?s={search_term_string}\"},\"query-input\":\"required name=search_term_string\"}],\"inLanguage\":\"sv-SE\"},{\"@type\":\"Organization\",\"@id\":\"https:\/\/energyintelligence.se\/shop\/#organization\",\"name\":\"Notima Energy Intelligence AB\",\"url\":\"https:\/\/energyintelligence.se\/shop\/\",\"logo\":{\"@type\":\"ImageObject\",\"inLanguage\":\"sv-SE\",\"@id\":\"https:\/\/energyintelligence.se\/shop\/#\/schema\/logo\/image\/\",\"url\":\"https:\/\/energyintelligence.se\/shop\/wp-content\/uploads\/2023\/11\/cropped-EI-300x66-1.png\",\"contentUrl\":\"https:\/\/energyintelligence.se\/shop\/wp-content\/uploads\/2023\/11\/cropped-EI-300x66-1.png\",\"width\":300,\"height\":66,\"caption\":\"Notima Energy Intelligence AB\"},\"image\":{\"@id\":\"https:\/\/energyintelligence.se\/shop\/#\/schema\/logo\/image\/\"}}]}<\/script>\n<!-- \/ Yoast SEO plugin. -->","yoast_head_json":{"title":"Modbus\/RS485 master till PoE - Energy Intelligence","robots":{"index":"index","follow":"follow","max-snippet":"max-snippet:-1","max-image-preview":"max-image-preview:large","max-video-preview":"max-video-preview:-1"},"canonical":"https:\/\/energyintelligence.se\/shop\/product\/rs485-poe\/","og_locale":"sv_SE","og_type":"article","og_title":"Modbus\/RS485 master till PoE - Energy Intelligence","og_description":"L\u00e4s av modbus-utrustning (t ex elm\u00e4tare) och kontrollera din elf\u00f6rbrukning\u00a0 genom att enkelt integrera mot externa system med denna modbus-brygga som via ethernet skickar vidare m\u00e4tarens v\u00e4rden via MQTT.","og_url":"https:\/\/energyintelligence.se\/shop\/product\/rs485-poe\/","og_site_name":"Energy Intelligence","article_modified_time":"2026-03-18T11:48:57+00:00","og_image":[{"width":1266,"height":1836,"url":"https:\/\/energyintelligence.se\/shop\/wp-content\/uploads\/2024\/05\/Front-right-1.png","type":"image\/png"}],"twitter_card":"summary_large_image","twitter_misc":{"Ber\u00e4knad l\u00e4stid":"2 minuter"},"schema":{"@context":"https:\/\/schema.org","@graph":[{"@type":"WebPage","@id":"https:\/\/energyintelligence.se\/shop\/product\/rs485-poe\/","url":"https:\/\/energyintelligence.se\/shop\/product\/rs485-poe\/","name":"Modbus\/RS485 master till PoE - Energy Intelligence","isPartOf":{"@id":"https:\/\/energyintelligence.se\/shop\/#website"},"datePublished":"2024-06-03T12:00:06+00:00","dateModified":"2026-03-18T11:48:57+00:00","breadcrumb":{"@id":"https:\/\/energyintelligence.se\/shop\/product\/rs485-poe\/#breadcrumb"},"inLanguage":"sv-SE","potentialAction":[{"@type":"ReadAction","target":["https:\/\/energyintelligence.se\/shop\/product\/rs485-poe\/"]}]},{"@type":"BreadcrumbList","@id":"https:\/\/energyintelligence.se\/shop\/product\/rs485-poe\/#breadcrumb","itemListElement":[{"@type":"ListItem","position":1,"name":"Hem","item":"https:\/\/energyintelligence.se\/shop\/"},{"@type":"ListItem","position":2,"name":"Ta kontroll \u00f6ver din elf\u00f6rbrukning helt utan abonnemang eller till\u00e4ggstj\u00e4nster","item":"https:\/\/energyintelligence.se\/shop\/"},{"@type":"ListItem","position":3,"name":"Modbus\/RS485 master till PoE"}]},{"@type":"WebSite","@id":"https:\/\/energyintelligence.se\/shop\/#website","url":"https:\/\/energyintelligence.se\/shop\/","name":"Energy Intelligence","description":"Ta kontroll \u00f6ver din elf\u00f6rbrukning","publisher":{"@id":"https:\/\/energyintelligence.se\/shop\/#organization"},"potentialAction":[{"@type":"SearchAction","target":{"@type":"EntryPoint","urlTemplate":"https:\/\/energyintelligence.se\/shop\/?s={search_term_string}"},"query-input":"required name=search_term_string"}],"inLanguage":"sv-SE"},{"@type":"Organization","@id":"https:\/\/energyintelligence.se\/shop\/#organization","name":"Notima Energy Intelligence AB","url":"https:\/\/energyintelligence.se\/shop\/","logo":{"@type":"ImageObject","inLanguage":"sv-SE","@id":"https:\/\/energyintelligence.se\/shop\/#\/schema\/logo\/image\/","url":"https:\/\/energyintelligence.se\/shop\/wp-content\/uploads\/2023\/11\/cropped-EI-300x66-1.png","contentUrl":"https:\/\/energyintelligence.se\/shop\/wp-content\/uploads\/2023\/11\/cropped-EI-300x66-1.png","width":300,"height":66,"caption":"Notima Energy Intelligence AB"},"image":{"@id":"https:\/\/energyintelligence.se\/shop\/#\/schema\/logo\/image\/"}}]}},"_links":{"self":[{"href":"https:\/\/energyintelligence.se\/shop\/wp-json\/wp\/v2\/product\/2576"}],"collection":[{"href":"https:\/\/energyintelligence.se\/shop\/wp-json\/wp\/v2\/product"}],"about":[{"href":"https:\/\/energyintelligence.se\/shop\/wp-json\/wp\/v2\/types\/product"}],"wp:featuredmedia":[{"embeddable":true,"href":"https:\/\/energyintelligence.se\/shop\/wp-json\/wp\/v2\/media\/2579"}],"wp:attachment":[{"href":"https:\/\/energyintelligence.se\/shop\/wp-json\/wp\/v2\/media?parent=2576"}],"wp:term":[{"taxonomy":"product_cat","embeddable":true,"href":"https:\/\/energyintelligence.se\/shop\/wp-json\/wp\/v2\/product_cat?post=2576"},{"taxonomy":"product_tag","embeddable":true,"href":"https:\/\/energyintelligence.se\/shop\/wp-json\/wp\/v2\/product_tag?post=2576"}],"curies":[{"name":"wp","href":"https:\/\/api.w.org\/{rel}","templated":true}]}}