{"id":2953,"date":"2025-02-05T09:36:23","date_gmt":"2025-02-05T07:36:23","guid":{"rendered":"https:\/\/energyintelligence.se\/shop\/?post_type=product&#038;p=2953"},"modified":"2026-04-07T13:42:36","modified_gmt":"2026-04-07T11:42:36","slug":"p1-rj12-elmataravlasare-ethernet","status":"publish","type":"product","link":"https:\/\/energyintelligence.se\/shop\/product\/p1-rj12-elmataravlasare-ethernet\/","title":{"rendered":"P1 RJ12 elm\u00e4taravl\u00e4sare Ethernet"},"content":{"rendered":"<p>Denna avl\u00e4sare kopplas direkt in i P1 porten\/HAN-porten p\u00e5 elm\u00e4taren med en medf\u00f6ljande RJ12 kabel. Via kabeln kan m\u00e4tdata l\u00e4sas av l\u00e4saren som i sin tur skickar informationen vidare till MQTT. Alternativt kan <a href=\"https:\/\/energyintelligence.se\/shop\/product\/modbus-tcp-licens\/\">Modbus\/TCP<\/a> anv\u00e4ndas (tillval). Detta inneb\u00e4r att energif\u00f6rbrukningen enkelt kan l\u00e4sas av via datorsystem som kan ge insikt i och optimera hush\u00e5llets energianv\u00e4ndning.<\/p>\n<p>L\u00e4saren ansluts till en ethernetkabel. Enheten konfigureras med hj\u00e4lp av en mobiltelefon eller dator via ett webb-baserat gr\u00e4nssnitt.<\/p>\n<p>Enheten \u00e4r gjord f\u00f6r att sitta p\u00e5 en DIN skena i l\u00e4mplig IP-klassad inkapsling d\u00e4r den tar upp tv\u00e5 modulplatser.<\/p>\n<p>Funktioner:<\/p>\n<ul>\n<li>P1\/HAN port (RJ12-kontakt)<\/li>\n<li>\u00d6verf\u00f6ring av separata m\u00e4tv\u00e4rden till valbar MQTT-server.<\/li>\n<li>Webb-baserat gr\u00e4nssnitt f\u00f6r enkel konfiguration av enheten.<\/li>\n<li>F\u00e4ste f\u00f6r montering p\u00e5 DIN-skena.<\/li>\n<li>Ethernet anslutning (10BASE-T, 100BASE-TX)<\/li>\n<li>M\u00f6jlighet till <a href=\"https:\/\/energyintelligence.se\/shop\/product\/modbus-tcp-licens\/\">Modbus\/TCP-avl\u00e4sning med en licens<\/a>.<\/li>\n<\/ul>\n<p>Levereras komplett inkl rak 0,6 m RJ12-kabel f\u00f6r anslutning till elm\u00e4taren.<\/p>\n<p>Denna kan str\u00f6mf\u00f6rs\u00f6rjas via RJ12 porten i den m\u00e5n elm\u00e4taren har en tillr\u00e4cklig str\u00f6mk\u00e4lla. Den kan \u00e4ven str\u00f6mf\u00f6rs\u00f6rjas via USB-C eller genom att ansluta en extern str\u00f6mk\u00e4lla till enhetens skruvplint. En extern str\u00f6mk\u00e4lla b\u00f6r tillhandah\u00e5lla 5V och minst 250mA.<\/p>\n<p>F\u00f6r information om anv\u00e4ndning, se l\u00e4nkarna nedan:<\/p>\n<p><a href=\"https:\/\/energyintelligence.se\/shop\/wp-content\/uploads\/2025\/02\/Produktblad-P1-RJ12-t41.pdf\">Kortfattad manual \/ produktblad<\/a><br \/>\n<a href=\"https:\/\/energyintelligence.se\/shop\/kom-igang-guide\/\">Kom ig\u00e5ng guide<\/a><br \/>\n<a href=\"https:\/\/energyintelligence.se\/shop\/vanliga-fragor-och-svar\">Vanliga fr\u00e5gor och svar<\/a><\/p>\n","protected":false},"excerpt":{"rendered":"<p>Elm\u00e4taravl\u00e4sare f\u00f6r svenska elm\u00e4tare med RJ12-uttag. Enheten kommunicerar via Ethernet vilket g\u00f6r den extra bra i pl\u00e5tsk\u00e5p eller andra milj\u00f6er d\u00e4r man inte vill anv\u00e4nda wifi.<\/p>\n","protected":false},"featured_media":2984,"template":"","meta":[],"product_cat":[16],"product_tag":[],"yoast_head":"<!-- This site is optimized with the Yoast SEO plugin v21.7 - https:\/\/yoast.com\/wordpress\/plugins\/seo\/ -->\n<title>P1 RJ12 elm\u00e4taravl\u00e4sare Ethernet - Energy Intelligence<\/title>\n<meta name=\"description\" content=\"Elm\u00e4taravl\u00e4sare f\u00f6r svenska elm\u00e4tare med RJ12-uttag. Enheten str\u00f6mf\u00f6rs\u00f6rjs och kommunicerar via Ethernet vilket g\u00f6r den extra bra i pl\u00e5tsk\u00e5p eller andra milj\u00f6er d\u00e4r man inte vill anv\u00e4nda wifi.\" \/>\n<meta name=\"robots\" content=\"index, follow, max-snippet:-1, max-image-preview:large, max-video-preview:-1\" \/>\n<link rel=\"canonical\" href=\"https:\/\/energyintelligence.se\/shop\/product\/p1-rj12-elmataravlasare-ethernet\/\" \/>\n<meta property=\"og:locale\" content=\"sv_SE\" \/>\n<meta property=\"og:type\" content=\"article\" \/>\n<meta property=\"og:title\" content=\"P1 RJ12 elm\u00e4taravl\u00e4sare Ethernet - Energy Intelligence\" \/>\n<meta property=\"og:description\" content=\"Elm\u00e4taravl\u00e4sare f\u00f6r svenska elm\u00e4tare med RJ12-uttag. Enheten str\u00f6mf\u00f6rs\u00f6rjs och kommunicerar via Ethernet vilket g\u00f6r den extra bra i pl\u00e5tsk\u00e5p eller andra milj\u00f6er d\u00e4r man inte vill anv\u00e4nda wifi.\" \/>\n<meta property=\"og:url\" content=\"https:\/\/energyintelligence.se\/shop\/product\/p1-rj12-elmataravlasare-ethernet\/\" \/>\n<meta property=\"og:site_name\" content=\"Energy Intelligence\" \/>\n<meta property=\"article:modified_time\" content=\"2026-04-07T11:42:36+00:00\" \/>\n<meta property=\"og:image\" content=\"https:\/\/energyintelligence.se\/shop\/wp-content\/uploads\/2025\/02\/IMG_4181-scaled.jpg\" \/>\n\t<meta property=\"og:image:width\" content=\"1920\" \/>\n\t<meta property=\"og:image:height\" content=\"2560\" \/>\n\t<meta property=\"og:image:type\" content=\"image\/jpeg\" \/>\n<meta name=\"twitter:card\" content=\"summary_large_image\" \/>\n<meta name=\"twitter:label1\" content=\"Ber\u00e4knad l\u00e4stid\" \/>\n\t<meta name=\"twitter:data1\" content=\"2 minuter\" \/>\n<script type=\"application\/ld+json\" class=\"yoast-schema-graph\">{\"@context\":\"https:\/\/schema.org\",\"@graph\":[{\"@type\":\"WebPage\",\"@id\":\"https:\/\/energyintelligence.se\/shop\/product\/p1-rj12-elmataravlasare-ethernet\/\",\"url\":\"https:\/\/energyintelligence.se\/shop\/product\/p1-rj12-elmataravlasare-ethernet\/\",\"name\":\"P1 RJ12 elm\u00e4taravl\u00e4sare Ethernet - Energy Intelligence\",\"isPartOf\":{\"@id\":\"https:\/\/energyintelligence.se\/shop\/#website\"},\"datePublished\":\"2025-02-05T07:36:23+00:00\",\"dateModified\":\"2026-04-07T11:42:36+00:00\",\"description\":\"Elm\u00e4taravl\u00e4sare f\u00f6r svenska elm\u00e4tare med RJ12-uttag. Enheten str\u00f6mf\u00f6rs\u00f6rjs och kommunicerar via Ethernet vilket g\u00f6r den extra bra i pl\u00e5tsk\u00e5p eller andra milj\u00f6er d\u00e4r man inte vill anv\u00e4nda wifi.\",\"breadcrumb\":{\"@id\":\"https:\/\/energyintelligence.se\/shop\/product\/p1-rj12-elmataravlasare-ethernet\/#breadcrumb\"},\"inLanguage\":\"sv-SE\",\"potentialAction\":[{\"@type\":\"ReadAction\",\"target\":[\"https:\/\/energyintelligence.se\/shop\/product\/p1-rj12-elmataravlasare-ethernet\/\"]}]},{\"@type\":\"BreadcrumbList\",\"@id\":\"https:\/\/energyintelligence.se\/shop\/product\/p1-rj12-elmataravlasare-ethernet\/#breadcrumb\",\"itemListElement\":[{\"@type\":\"ListItem\",\"position\":1,\"name\":\"Hem\",\"item\":\"https:\/\/energyintelligence.se\/shop\/\"},{\"@type\":\"ListItem\",\"position\":2,\"name\":\"Ta kontroll \u00f6ver din elf\u00f6rbrukning helt utan abonnemang eller till\u00e4ggstj\u00e4nster\",\"item\":\"https:\/\/energyintelligence.se\/shop\/\"},{\"@type\":\"ListItem\",\"position\":3,\"name\":\"P1 RJ12 elm\u00e4taravl\u00e4sare Ethernet\"}]},{\"@type\":\"WebSite\",\"@id\":\"https:\/\/energyintelligence.se\/shop\/#website\",\"url\":\"https:\/\/energyintelligence.se\/shop\/\",\"name\":\"Energy Intelligence\",\"description\":\"Ta kontroll \u00f6ver din elf\u00f6rbrukning\",\"publisher\":{\"@id\":\"https:\/\/energyintelligence.se\/shop\/#organization\"},\"potentialAction\":[{\"@type\":\"SearchAction\",\"target\":{\"@type\":\"EntryPoint\",\"urlTemplate\":\"https:\/\/energyintelligence.se\/shop\/?s={search_term_string}\"},\"query-input\":\"required name=search_term_string\"}],\"inLanguage\":\"sv-SE\"},{\"@type\":\"Organization\",\"@id\":\"https:\/\/energyintelligence.se\/shop\/#organization\",\"name\":\"Notima Energy Intelligence AB\",\"url\":\"https:\/\/energyintelligence.se\/shop\/\",\"logo\":{\"@type\":\"ImageObject\",\"inLanguage\":\"sv-SE\",\"@id\":\"https:\/\/energyintelligence.se\/shop\/#\/schema\/logo\/image\/\",\"url\":\"https:\/\/energyintelligence.se\/shop\/wp-content\/uploads\/2023\/11\/cropped-EI-300x66-1.png\",\"contentUrl\":\"https:\/\/energyintelligence.se\/shop\/wp-content\/uploads\/2023\/11\/cropped-EI-300x66-1.png\",\"width\":300,\"height\":66,\"caption\":\"Notima Energy Intelligence AB\"},\"image\":{\"@id\":\"https:\/\/energyintelligence.se\/shop\/#\/schema\/logo\/image\/\"}}]}<\/script>\n<!-- \/ Yoast SEO plugin. -->","yoast_head_json":{"title":"P1 RJ12 elm\u00e4taravl\u00e4sare Ethernet - Energy Intelligence","description":"Elm\u00e4taravl\u00e4sare f\u00f6r svenska elm\u00e4tare med RJ12-uttag. Enheten str\u00f6mf\u00f6rs\u00f6rjs och kommunicerar via Ethernet vilket g\u00f6r den extra bra i pl\u00e5tsk\u00e5p eller andra milj\u00f6er d\u00e4r man inte vill anv\u00e4nda wifi.","robots":{"index":"index","follow":"follow","max-snippet":"max-snippet:-1","max-image-preview":"max-image-preview:large","max-video-preview":"max-video-preview:-1"},"canonical":"https:\/\/energyintelligence.se\/shop\/product\/p1-rj12-elmataravlasare-ethernet\/","og_locale":"sv_SE","og_type":"article","og_title":"P1 RJ12 elm\u00e4taravl\u00e4sare Ethernet - Energy Intelligence","og_description":"Elm\u00e4taravl\u00e4sare f\u00f6r svenska elm\u00e4tare med RJ12-uttag. Enheten str\u00f6mf\u00f6rs\u00f6rjs och kommunicerar via Ethernet vilket g\u00f6r den extra bra i pl\u00e5tsk\u00e5p eller andra milj\u00f6er d\u00e4r man inte vill anv\u00e4nda wifi.","og_url":"https:\/\/energyintelligence.se\/shop\/product\/p1-rj12-elmataravlasare-ethernet\/","og_site_name":"Energy Intelligence","article_modified_time":"2026-04-07T11:42:36+00:00","og_image":[{"width":1920,"height":2560,"url":"https:\/\/energyintelligence.se\/shop\/wp-content\/uploads\/2025\/02\/IMG_4181-scaled.jpg","type":"image\/jpeg"}],"twitter_card":"summary_large_image","twitter_misc":{"Ber\u00e4knad l\u00e4stid":"2 minuter"},"schema":{"@context":"https:\/\/schema.org","@graph":[{"@type":"WebPage","@id":"https:\/\/energyintelligence.se\/shop\/product\/p1-rj12-elmataravlasare-ethernet\/","url":"https:\/\/energyintelligence.se\/shop\/product\/p1-rj12-elmataravlasare-ethernet\/","name":"P1 RJ12 elm\u00e4taravl\u00e4sare Ethernet - Energy Intelligence","isPartOf":{"@id":"https:\/\/energyintelligence.se\/shop\/#website"},"datePublished":"2025-02-05T07:36:23+00:00","dateModified":"2026-04-07T11:42:36+00:00","description":"Elm\u00e4taravl\u00e4sare f\u00f6r svenska elm\u00e4tare med RJ12-uttag. Enheten str\u00f6mf\u00f6rs\u00f6rjs och kommunicerar via Ethernet vilket g\u00f6r den extra bra i pl\u00e5tsk\u00e5p eller andra milj\u00f6er d\u00e4r man inte vill anv\u00e4nda wifi.","breadcrumb":{"@id":"https:\/\/energyintelligence.se\/shop\/product\/p1-rj12-elmataravlasare-ethernet\/#breadcrumb"},"inLanguage":"sv-SE","potentialAction":[{"@type":"ReadAction","target":["https:\/\/energyintelligence.se\/shop\/product\/p1-rj12-elmataravlasare-ethernet\/"]}]},{"@type":"BreadcrumbList","@id":"https:\/\/energyintelligence.se\/shop\/product\/p1-rj12-elmataravlasare-ethernet\/#breadcrumb","itemListElement":[{"@type":"ListItem","position":1,"name":"Hem","item":"https:\/\/energyintelligence.se\/shop\/"},{"@type":"ListItem","position":2,"name":"Ta kontroll \u00f6ver din elf\u00f6rbrukning helt utan abonnemang eller till\u00e4ggstj\u00e4nster","item":"https:\/\/energyintelligence.se\/shop\/"},{"@type":"ListItem","position":3,"name":"P1 RJ12 elm\u00e4taravl\u00e4sare Ethernet"}]},{"@type":"WebSite","@id":"https:\/\/energyintelligence.se\/shop\/#website","url":"https:\/\/energyintelligence.se\/shop\/","name":"Energy Intelligence","description":"Ta kontroll \u00f6ver din elf\u00f6rbrukning","publisher":{"@id":"https:\/\/energyintelligence.se\/shop\/#organization"},"potentialAction":[{"@type":"SearchAction","target":{"@type":"EntryPoint","urlTemplate":"https:\/\/energyintelligence.se\/shop\/?s={search_term_string}"},"query-input":"required name=search_term_string"}],"inLanguage":"sv-SE"},{"@type":"Organization","@id":"https:\/\/energyintelligence.se\/shop\/#organization","name":"Notima Energy Intelligence AB","url":"https:\/\/energyintelligence.se\/shop\/","logo":{"@type":"ImageObject","inLanguage":"sv-SE","@id":"https:\/\/energyintelligence.se\/shop\/#\/schema\/logo\/image\/","url":"https:\/\/energyintelligence.se\/shop\/wp-content\/uploads\/2023\/11\/cropped-EI-300x66-1.png","contentUrl":"https:\/\/energyintelligence.se\/shop\/wp-content\/uploads\/2023\/11\/cropped-EI-300x66-1.png","width":300,"height":66,"caption":"Notima Energy Intelligence AB"},"image":{"@id":"https:\/\/energyintelligence.se\/shop\/#\/schema\/logo\/image\/"}}]}},"_links":{"self":[{"href":"https:\/\/energyintelligence.se\/shop\/wp-json\/wp\/v2\/product\/2953"}],"collection":[{"href":"https:\/\/energyintelligence.se\/shop\/wp-json\/wp\/v2\/product"}],"about":[{"href":"https:\/\/energyintelligence.se\/shop\/wp-json\/wp\/v2\/types\/product"}],"wp:featuredmedia":[{"embeddable":true,"href":"https:\/\/energyintelligence.se\/shop\/wp-json\/wp\/v2\/media\/2984"}],"wp:attachment":[{"href":"https:\/\/energyintelligence.se\/shop\/wp-json\/wp\/v2\/media?parent=2953"}],"wp:term":[{"taxonomy":"product_cat","embeddable":true,"href":"https:\/\/energyintelligence.se\/shop\/wp-json\/wp\/v2\/product_cat?post=2953"},{"taxonomy":"product_tag","embeddable":true,"href":"https:\/\/energyintelligence.se\/shop\/wp-json\/wp\/v2\/product_tag?post=2953"}],"curies":[{"name":"wp","href":"https:\/\/api.w.org\/{rel}","templated":true}]}}