{"id":2973,"date":"2025-02-11T15:21:08","date_gmt":"2025-02-11T13:21:08","guid":{"rendered":"https:\/\/energyintelligence.se\/shop\/?post_type=product&#038;p=2973"},"modified":"2026-03-18T10:46:28","modified_gmt":"2026-03-18T08:46:28","slug":"p1-port-han-port-lasare-med-inbyggd-wifi-rj12","status":"publish","type":"product","link":"https:\/\/energyintelligence.se\/shop\/product\/p1-port-han-port-lasare-med-inbyggd-wifi-rj12\/","title":{"rendered":"P1 port \/ HAN port l\u00e4sare med inbyggd wifi RJ12"},"content":{"rendered":"<p>Denna l\u00e4sare kopplas direkt in i P1 porten\/HAN-porten p\u00e5 elm\u00e4taren med en medf\u00f6ljande RJ12 kabel. Via kabeln kan m\u00e4tdata l\u00e4sas av l\u00e4saren som i sin tur skickar informationen vidare till en MQTT-server. Detta inneb\u00e4r att energif\u00f6rbrukningen enkelt kan l\u00e4sas av via datorsystem som kan ge insikt i och optimera hush\u00e5llets energianv\u00e4ndning.<\/p>\n<p>L\u00e4saren ansluts till det tr\u00e5dl\u00f6sa n\u00e4tverket och kan enkelt konfigureras med hj\u00e4lp av en mobiltelefon eller dator via ett webb-baserat gr\u00e4nssnitt. Denna avl\u00e4sare trivs b\u00e4st inomhus och inte i ett pl\u00e5tsk\u00e5p. Om ni vill dra in elm\u00e4tarens &#8221;port&#8221; med s.k. RJ12 kabel g\u00e5r det anv\u00e4nda en <a href=\"https:\/\/energyintelligence.se\/shop\/product\/aktiv-p1-splitter-forstarkare\">P1-splitter\/f\u00f6rst\u00e4rkare<\/a> alternativt att ni tittar p\u00e5 v\u00e5ra andra modeller (<a href=\"https:\/\/energyintelligence.se\/shop\/product\/p1-ea-ind\">extern wifi-antenn<\/a> och <a href=\"https:\/\/energyintelligence.se\/shop\/product\/p1-han-lasare-ethernet-poe-wifi-extern-antenn\">PoE<\/a>).<\/p>\n<p>Enheten \u00e4r gjord f\u00f6r att sitta p\u00e5 en DIN skena d\u00e4r den tar upp tv\u00e5 modulplatser.<\/p>\n<p>Funktioner:<\/p>\n<ul>\n<li>P1\/HAN port (RJ12-kontakt)<\/li>\n<li>\u00d6verf\u00f6ring av separata m\u00e4tv\u00e4rden till valbar MQTT-server via wifi.<\/li>\n<li>Webb-baserat gr\u00e4nssnitt f\u00f6r enkel konfiguration av enheten.<\/li>\n<li>F\u00e4ste f\u00f6r montering p\u00e5 DIN-skena.<\/li>\n<li>M\u00f6jlighet till <a href=\"https:\/\/energyintelligence.se\/shop\/product\/modbus-tcp-licens\/\">Modbus\/TCP-avl\u00e4sning med en licens<\/a>.<\/li>\n<\/ul>\n<p>Levereras komplett inkl rak 0,6 m RJ12-kabel f\u00f6r anslutning till elm\u00e4taren.<\/p>\n<p>F\u00f6r information om anv\u00e4ndning, se l\u00e4nkarna nedan:<\/p>\n<p><a href=\"https:\/\/energyintelligence.se\/shop\/kom-igang-guide\/\">Kom ig\u00e5ng guide<\/a><br \/>\n<a href=\"https:\/\/energyintelligence.se\/shop\/wp-content\/uploads\/2025\/02\/ProduktBlad-P1-RJ12-EA-t81-240603.pdf\">Produktblad<\/a><br \/>\n<a href=\"https:\/\/energyintelligence.se\/shop\/user-manual\">User manual (english)<\/a><br \/>\n<a href=\"https:\/\/energyintelligence.se\/shop\/vanliga-fragor-och-svar\">Vanliga fr\u00e5gor och svar<\/a><\/p>\n","protected":false},"excerpt":{"rendered":"<p>F\u00e5 insikt i din smarta elm\u00e4tares m\u00e4tarst\u00e4llning och kontrollera din elf\u00f6rbrukning\u00a0 genom att enkelt integrera mot externa system med denna elm\u00e4tarl\u00e4sare som tr\u00e5dl\u00f6st skickar m\u00e4tarst\u00e4llning samt uppdelat per fas: sp\u00e4nning, str\u00f6mstyrka och effekt via MQTT.<\/p>\n","protected":false},"featured_media":2980,"template":"","meta":[],"product_cat":[16],"product_tag":[],"yoast_head":"<!-- This site is optimized with the Yoast SEO plugin v21.7 - https:\/\/yoast.com\/wordpress\/plugins\/seo\/ -->\n<title>P1 port \/ HAN port l\u00e4sare med inbyggd wifi RJ12 - Energy Intelligence<\/title>\n<meta name=\"description\" content=\"L\u00e4s av din elf\u00f6rbrukning med denna l\u00e4sare som kopplas direkt in i P1 porten\/HAN porten p\u00e5 elm\u00e4taren med en medf\u00f6ljande RJ12 kabel.\" \/>\n<meta name=\"robots\" content=\"index, follow, max-snippet:-1, max-image-preview:large, max-video-preview:-1\" \/>\n<link rel=\"canonical\" href=\"https:\/\/energyintelligence.se\/shop\/product\/p1-port-han-port-lasare-med-inbyggd-wifi-rj12\/\" \/>\n<meta property=\"og:locale\" content=\"sv_SE\" \/>\n<meta property=\"og:type\" content=\"article\" \/>\n<meta property=\"og:title\" content=\"P1 port \/ HAN port l\u00e4sare med inbyggd wifi RJ12 - Energy Intelligence\" \/>\n<meta property=\"og:description\" content=\"L\u00e4s av din elf\u00f6rbrukning med denna l\u00e4sare som kopplas direkt in i P1 porten\/HAN porten p\u00e5 elm\u00e4taren med en medf\u00f6ljande RJ12 kabel.\" \/>\n<meta property=\"og:url\" content=\"https:\/\/energyintelligence.se\/shop\/product\/p1-port-han-port-lasare-med-inbyggd-wifi-rj12\/\" \/>\n<meta property=\"og:site_name\" content=\"Energy Intelligence\" \/>\n<meta property=\"article:modified_time\" content=\"2026-03-18T08:46:28+00:00\" \/>\n<meta property=\"og:image\" content=\"https:\/\/energyintelligence.se\/shop\/wp-content\/uploads\/2025\/02\/IMG_4172.jpg\" \/>\n\t<meta property=\"og:image:width\" content=\"1817\" \/>\n\t<meta property=\"og:image:height\" content=\"1959\" \/>\n\t<meta property=\"og:image:type\" content=\"image\/jpeg\" \/>\n<meta name=\"twitter:card\" content=\"summary_large_image\" \/>\n<meta name=\"twitter:label1\" content=\"Ber\u00e4knad l\u00e4stid\" \/>\n\t<meta name=\"twitter:data1\" content=\"2 minuter\" \/>\n<script type=\"application\/ld+json\" class=\"yoast-schema-graph\">{\"@context\":\"https:\/\/schema.org\",\"@graph\":[{\"@type\":\"WebPage\",\"@id\":\"https:\/\/energyintelligence.se\/shop\/product\/p1-port-han-port-lasare-med-inbyggd-wifi-rj12\/\",\"url\":\"https:\/\/energyintelligence.se\/shop\/product\/p1-port-han-port-lasare-med-inbyggd-wifi-rj12\/\",\"name\":\"P1 port \/ HAN port l\u00e4sare med inbyggd wifi RJ12 - Energy Intelligence\",\"isPartOf\":{\"@id\":\"https:\/\/energyintelligence.se\/shop\/#website\"},\"datePublished\":\"2025-02-11T13:21:08+00:00\",\"dateModified\":\"2026-03-18T08:46:28+00:00\",\"description\":\"L\u00e4s av din elf\u00f6rbrukning med denna l\u00e4sare som kopplas direkt in i P1 porten\/HAN porten p\u00e5 elm\u00e4taren med en medf\u00f6ljande RJ12 kabel.\",\"breadcrumb\":{\"@id\":\"https:\/\/energyintelligence.se\/shop\/product\/p1-port-han-port-lasare-med-inbyggd-wifi-rj12\/#breadcrumb\"},\"inLanguage\":\"sv-SE\",\"potentialAction\":[{\"@type\":\"ReadAction\",\"target\":[\"https:\/\/energyintelligence.se\/shop\/product\/p1-port-han-port-lasare-med-inbyggd-wifi-rj12\/\"]}]},{\"@type\":\"BreadcrumbList\",\"@id\":\"https:\/\/energyintelligence.se\/shop\/product\/p1-port-han-port-lasare-med-inbyggd-wifi-rj12\/#breadcrumb\",\"itemListElement\":[{\"@type\":\"ListItem\",\"position\":1,\"name\":\"Hem\",\"item\":\"https:\/\/energyintelligence.se\/shop\/\"},{\"@type\":\"ListItem\",\"position\":2,\"name\":\"Ta kontroll \u00f6ver din elf\u00f6rbrukning helt utan abonnemang eller till\u00e4ggstj\u00e4nster\",\"item\":\"https:\/\/energyintelligence.se\/shop\/\"},{\"@type\":\"ListItem\",\"position\":3,\"name\":\"P1 port \/ HAN port l\u00e4sare med inbyggd wifi RJ12\"}]},{\"@type\":\"WebSite\",\"@id\":\"https:\/\/energyintelligence.se\/shop\/#website\",\"url\":\"https:\/\/energyintelligence.se\/shop\/\",\"name\":\"Energy Intelligence\",\"description\":\"Ta kontroll \u00f6ver din elf\u00f6rbrukning\",\"publisher\":{\"@id\":\"https:\/\/energyintelligence.se\/shop\/#organization\"},\"potentialAction\":[{\"@type\":\"SearchAction\",\"target\":{\"@type\":\"EntryPoint\",\"urlTemplate\":\"https:\/\/energyintelligence.se\/shop\/?s={search_term_string}\"},\"query-input\":\"required name=search_term_string\"}],\"inLanguage\":\"sv-SE\"},{\"@type\":\"Organization\",\"@id\":\"https:\/\/energyintelligence.se\/shop\/#organization\",\"name\":\"Notima Energy Intelligence AB\",\"url\":\"https:\/\/energyintelligence.se\/shop\/\",\"logo\":{\"@type\":\"ImageObject\",\"inLanguage\":\"sv-SE\",\"@id\":\"https:\/\/energyintelligence.se\/shop\/#\/schema\/logo\/image\/\",\"url\":\"https:\/\/energyintelligence.se\/shop\/wp-content\/uploads\/2023\/11\/cropped-EI-300x66-1.png\",\"contentUrl\":\"https:\/\/energyintelligence.se\/shop\/wp-content\/uploads\/2023\/11\/cropped-EI-300x66-1.png\",\"width\":300,\"height\":66,\"caption\":\"Notima Energy Intelligence AB\"},\"image\":{\"@id\":\"https:\/\/energyintelligence.se\/shop\/#\/schema\/logo\/image\/\"}}]}<\/script>\n<!-- \/ Yoast SEO plugin. -->","yoast_head_json":{"title":"P1 port \/ HAN port l\u00e4sare med inbyggd wifi RJ12 - Energy Intelligence","description":"L\u00e4s av din elf\u00f6rbrukning med denna l\u00e4sare som kopplas direkt in i P1 porten\/HAN porten p\u00e5 elm\u00e4taren med en medf\u00f6ljande RJ12 kabel.","robots":{"index":"index","follow":"follow","max-snippet":"max-snippet:-1","max-image-preview":"max-image-preview:large","max-video-preview":"max-video-preview:-1"},"canonical":"https:\/\/energyintelligence.se\/shop\/product\/p1-port-han-port-lasare-med-inbyggd-wifi-rj12\/","og_locale":"sv_SE","og_type":"article","og_title":"P1 port \/ HAN port l\u00e4sare med inbyggd wifi RJ12 - Energy Intelligence","og_description":"L\u00e4s av din elf\u00f6rbrukning med denna l\u00e4sare som kopplas direkt in i P1 porten\/HAN porten p\u00e5 elm\u00e4taren med en medf\u00f6ljande RJ12 kabel.","og_url":"https:\/\/energyintelligence.se\/shop\/product\/p1-port-han-port-lasare-med-inbyggd-wifi-rj12\/","og_site_name":"Energy Intelligence","article_modified_time":"2026-03-18T08:46:28+00:00","og_image":[{"width":1817,"height":1959,"url":"https:\/\/energyintelligence.se\/shop\/wp-content\/uploads\/2025\/02\/IMG_4172.jpg","type":"image\/jpeg"}],"twitter_card":"summary_large_image","twitter_misc":{"Ber\u00e4knad l\u00e4stid":"2 minuter"},"schema":{"@context":"https:\/\/schema.org","@graph":[{"@type":"WebPage","@id":"https:\/\/energyintelligence.se\/shop\/product\/p1-port-han-port-lasare-med-inbyggd-wifi-rj12\/","url":"https:\/\/energyintelligence.se\/shop\/product\/p1-port-han-port-lasare-med-inbyggd-wifi-rj12\/","name":"P1 port \/ HAN port l\u00e4sare med inbyggd wifi RJ12 - Energy Intelligence","isPartOf":{"@id":"https:\/\/energyintelligence.se\/shop\/#website"},"datePublished":"2025-02-11T13:21:08+00:00","dateModified":"2026-03-18T08:46:28+00:00","description":"L\u00e4s av din elf\u00f6rbrukning med denna l\u00e4sare som kopplas direkt in i P1 porten\/HAN porten p\u00e5 elm\u00e4taren med en medf\u00f6ljande RJ12 kabel.","breadcrumb":{"@id":"https:\/\/energyintelligence.se\/shop\/product\/p1-port-han-port-lasare-med-inbyggd-wifi-rj12\/#breadcrumb"},"inLanguage":"sv-SE","potentialAction":[{"@type":"ReadAction","target":["https:\/\/energyintelligence.se\/shop\/product\/p1-port-han-port-lasare-med-inbyggd-wifi-rj12\/"]}]},{"@type":"BreadcrumbList","@id":"https:\/\/energyintelligence.se\/shop\/product\/p1-port-han-port-lasare-med-inbyggd-wifi-rj12\/#breadcrumb","itemListElement":[{"@type":"ListItem","position":1,"name":"Hem","item":"https:\/\/energyintelligence.se\/shop\/"},{"@type":"ListItem","position":2,"name":"Ta kontroll \u00f6ver din elf\u00f6rbrukning helt utan abonnemang eller till\u00e4ggstj\u00e4nster","item":"https:\/\/energyintelligence.se\/shop\/"},{"@type":"ListItem","position":3,"name":"P1 port \/ HAN port l\u00e4sare med inbyggd wifi RJ12"}]},{"@type":"WebSite","@id":"https:\/\/energyintelligence.se\/shop\/#website","url":"https:\/\/energyintelligence.se\/shop\/","name":"Energy Intelligence","description":"Ta kontroll \u00f6ver din elf\u00f6rbrukning","publisher":{"@id":"https:\/\/energyintelligence.se\/shop\/#organization"},"potentialAction":[{"@type":"SearchAction","target":{"@type":"EntryPoint","urlTemplate":"https:\/\/energyintelligence.se\/shop\/?s={search_term_string}"},"query-input":"required name=search_term_string"}],"inLanguage":"sv-SE"},{"@type":"Organization","@id":"https:\/\/energyintelligence.se\/shop\/#organization","name":"Notima Energy Intelligence AB","url":"https:\/\/energyintelligence.se\/shop\/","logo":{"@type":"ImageObject","inLanguage":"sv-SE","@id":"https:\/\/energyintelligence.se\/shop\/#\/schema\/logo\/image\/","url":"https:\/\/energyintelligence.se\/shop\/wp-content\/uploads\/2023\/11\/cropped-EI-300x66-1.png","contentUrl":"https:\/\/energyintelligence.se\/shop\/wp-content\/uploads\/2023\/11\/cropped-EI-300x66-1.png","width":300,"height":66,"caption":"Notima Energy Intelligence AB"},"image":{"@id":"https:\/\/energyintelligence.se\/shop\/#\/schema\/logo\/image\/"}}]}},"_links":{"self":[{"href":"https:\/\/energyintelligence.se\/shop\/wp-json\/wp\/v2\/product\/2973"}],"collection":[{"href":"https:\/\/energyintelligence.se\/shop\/wp-json\/wp\/v2\/product"}],"about":[{"href":"https:\/\/energyintelligence.se\/shop\/wp-json\/wp\/v2\/types\/product"}],"wp:featuredmedia":[{"embeddable":true,"href":"https:\/\/energyintelligence.se\/shop\/wp-json\/wp\/v2\/media\/2980"}],"wp:attachment":[{"href":"https:\/\/energyintelligence.se\/shop\/wp-json\/wp\/v2\/media?parent=2973"}],"wp:term":[{"taxonomy":"product_cat","embeddable":true,"href":"https:\/\/energyintelligence.se\/shop\/wp-json\/wp\/v2\/product_cat?post=2973"},{"taxonomy":"product_tag","embeddable":true,"href":"https:\/\/energyintelligence.se\/shop\/wp-json\/wp\/v2\/product_tag?post=2973"}],"curies":[{"name":"wp","href":"https:\/\/api.w.org\/{rel}","templated":true}]}}