{"id":3037,"date":"2025-03-25T11:30:27","date_gmt":"2025-03-25T09:30:27","guid":{"rendered":"https:\/\/energyintelligence.se\/shop\/?post_type=product&#038;p=3037"},"modified":"2025-12-19T12:25:34","modified_gmt":"2025-12-19T10:25:34","slug":"elmatare-1-fas-carlo-gavazzi","status":"publish","type":"product","link":"https:\/\/energyintelligence.se\/shop\/product\/elmatare-1-fas-carlo-gavazzi\/","title":{"rendered":"Elm\u00e4tare 1-fas Carlo Gavazzi"},"content":{"rendered":"<p>Elm\u00e4tare 1-fas Carlo Gavazzi EM111-S1 Modbus MID.<\/p>\n<p>Enfas elm\u00e4tare med bakgrundsbelyst LCD-display och inbyggd touchknappsats.<\/p>\n<h2>Tekniska data:<\/h2>\n<ul>\n<li>Enfas elm\u00e4tare med Modbus<\/li>\n<li>Klass 1 (kWh) i enlighet med EN62053-21<\/li>\n<li>Klass B (kWh) i enlighet med EN50470-3<\/li>\n<li>Noggrannhet \u00b10,5% AVL\u00c4SN. (str\u00f6m\/sp\u00e4nning)<\/li>\n<li>Prim\u00e4r m\u00e4rkstr\u00f6m: 45 A (AV7, AV8)<\/li>\n<li>Max. prim\u00e4r m\u00e4rkstr\u00f6m: 45 A (AV7, AV8)<\/li>\n<li>Max. kabeldiameter: 6 mm2<\/li>\n<li>Bakgrundsbelyst LCD-display med touch-knappsats<\/li>\n<li>Energiavl\u00e4sning p\u00e5 display: 7 siffror<\/li>\n<li>Avl\u00e4sning av variabler p\u00e5 display: 4 siffror<\/li>\n<li>Energim\u00e4tning: kWh och kvarh (importerad\/exporterad); kWh+ med 2 tariffer<\/li>\n<li>Systemvariabler, kW, kvar, V, A, PF, Hz, kWdmd, kWdmd peak<\/li>\n<li>Str\u00f6mf\u00f6rs\u00f6rjning: Sj\u00e4lvf\u00f6rs\u00f6rjande<\/li>\n<li>M\u00e5tt: 1 DIN-modul<\/li>\n<li>Skyddsklass (front): IP51<\/li>\n<li>Pulsutg\u00e5ng (via PNP med \u00f6ppen kollektor)<\/li>\n<li>RS485 Modbus-port<\/li>\n<li>Digital ing\u00e5ng (f\u00f6r tariffhantering)<\/li>\n<\/ul>\n","protected":false},"excerpt":{"rendered":"<p>Elm\u00e4tare 1-fas Carlo Gavazzi EM111-S1 Modbus MID. Enfas elm\u00e4tare med bakgrundsbelyst LCD-display och inbyggd touchknappsats. Tekniska data: Enfas elm\u00e4tare med Modbus Klass 1 (kWh) i enlighet med EN62053-21 Klass B (kWh) i enlighet med EN50470-3 Noggrannhet \u00b10,5% AVL\u00c4SN. (str\u00f6m\/sp\u00e4nning) Prim\u00e4r m\u00e4rkstr\u00f6m: 45 A (AV7, AV8) Max. prim\u00e4r m\u00e4rkstr\u00f6m: 45 A (AV7, AV8) Max. kabeldiameter: 6 [&hellip;]<\/p>\n","protected":false},"featured_media":3038,"template":"","meta":[],"product_cat":[32],"product_tag":[],"yoast_head":"<!-- This site is optimized with the Yoast SEO plugin v21.7 - https:\/\/yoast.com\/wordpress\/plugins\/seo\/ -->\n<title>Elm\u00e4tare 1-fas Carlo Gavazzi - Energy Intelligence<\/title>\n<meta name=\"description\" content=\"Elm\u00e4tare 1-fas Carlo Gavazzi EM111-S1 Modbus MID.Enfas elm\u00e4tare med bakgrundsbelyst LCD-display och inbyggd touchknappsats.\" \/>\n<meta name=\"robots\" content=\"index, follow, max-snippet:-1, max-image-preview:large, max-video-preview:-1\" \/>\n<link rel=\"canonical\" href=\"https:\/\/energyintelligence.se\/shop\/product\/elmatare-1-fas-carlo-gavazzi\/\" \/>\n<meta property=\"og:locale\" content=\"sv_SE\" \/>\n<meta property=\"og:type\" content=\"article\" \/>\n<meta property=\"og:title\" content=\"Elm\u00e4tare 1-fas Carlo Gavazzi - Energy Intelligence\" \/>\n<meta property=\"og:description\" content=\"Elm\u00e4tare 1-fas Carlo Gavazzi EM111-S1 Modbus MID.Enfas elm\u00e4tare med bakgrundsbelyst LCD-display och inbyggd touchknappsats.\" \/>\n<meta property=\"og:url\" content=\"https:\/\/energyintelligence.se\/shop\/product\/elmatare-1-fas-carlo-gavazzi\/\" \/>\n<meta property=\"og:site_name\" content=\"Energy Intelligence\" \/>\n<meta property=\"article:modified_time\" content=\"2025-12-19T10:25:34+00:00\" \/>\n<meta property=\"og:image\" content=\"https:\/\/energyintelligence.se\/shop\/wp-content\/uploads\/2025\/03\/elmatare-1-fas-carlo-gavazzi-em111-s1-modbus-EM111DINAV81XS1PFB.png\" \/>\n\t<meta property=\"og:image:width\" content=\"371\" \/>\n\t<meta property=\"og:image:height\" content=\"433\" \/>\n\t<meta property=\"og:image:type\" content=\"image\/png\" \/>\n<meta name=\"twitter:card\" content=\"summary_large_image\" \/>\n<meta name=\"twitter:label1\" content=\"Ber\u00e4knad l\u00e4stid\" \/>\n\t<meta name=\"twitter:data1\" content=\"1 minut\" \/>\n<script type=\"application\/ld+json\" class=\"yoast-schema-graph\">{\"@context\":\"https:\/\/schema.org\",\"@graph\":[{\"@type\":\"WebPage\",\"@id\":\"https:\/\/energyintelligence.se\/shop\/product\/elmatare-1-fas-carlo-gavazzi\/\",\"url\":\"https:\/\/energyintelligence.se\/shop\/product\/elmatare-1-fas-carlo-gavazzi\/\",\"name\":\"Elm\u00e4tare 1-fas Carlo Gavazzi - Energy Intelligence\",\"isPartOf\":{\"@id\":\"https:\/\/energyintelligence.se\/shop\/#website\"},\"datePublished\":\"2025-03-25T09:30:27+00:00\",\"dateModified\":\"2025-12-19T10:25:34+00:00\",\"description\":\"Elm\u00e4tare 1-fas Carlo Gavazzi EM111-S1 Modbus MID.Enfas elm\u00e4tare med bakgrundsbelyst LCD-display och inbyggd touchknappsats.\",\"breadcrumb\":{\"@id\":\"https:\/\/energyintelligence.se\/shop\/product\/elmatare-1-fas-carlo-gavazzi\/#breadcrumb\"},\"inLanguage\":\"sv-SE\",\"potentialAction\":[{\"@type\":\"ReadAction\",\"target\":[\"https:\/\/energyintelligence.se\/shop\/product\/elmatare-1-fas-carlo-gavazzi\/\"]}]},{\"@type\":\"BreadcrumbList\",\"@id\":\"https:\/\/energyintelligence.se\/shop\/product\/elmatare-1-fas-carlo-gavazzi\/#breadcrumb\",\"itemListElement\":[{\"@type\":\"ListItem\",\"position\":1,\"name\":\"Hem\",\"item\":\"https:\/\/energyintelligence.se\/shop\/\"},{\"@type\":\"ListItem\",\"position\":2,\"name\":\"Ta kontroll \u00f6ver din elf\u00f6rbrukning helt utan abonnemang eller till\u00e4ggstj\u00e4nster\",\"item\":\"https:\/\/energyintelligence.se\/shop\/\"},{\"@type\":\"ListItem\",\"position\":3,\"name\":\"Elm\u00e4tare 1-fas Carlo Gavazzi\"}]},{\"@type\":\"WebSite\",\"@id\":\"https:\/\/energyintelligence.se\/shop\/#website\",\"url\":\"https:\/\/energyintelligence.se\/shop\/\",\"name\":\"Energy Intelligence\",\"description\":\"Ta kontroll \u00f6ver din elf\u00f6rbrukning\",\"publisher\":{\"@id\":\"https:\/\/energyintelligence.se\/shop\/#organization\"},\"potentialAction\":[{\"@type\":\"SearchAction\",\"target\":{\"@type\":\"EntryPoint\",\"urlTemplate\":\"https:\/\/energyintelligence.se\/shop\/?s={search_term_string}\"},\"query-input\":\"required name=search_term_string\"}],\"inLanguage\":\"sv-SE\"},{\"@type\":\"Organization\",\"@id\":\"https:\/\/energyintelligence.se\/shop\/#organization\",\"name\":\"Notima Energy Intelligence AB\",\"url\":\"https:\/\/energyintelligence.se\/shop\/\",\"logo\":{\"@type\":\"ImageObject\",\"inLanguage\":\"sv-SE\",\"@id\":\"https:\/\/energyintelligence.se\/shop\/#\/schema\/logo\/image\/\",\"url\":\"https:\/\/energyintelligence.se\/shop\/wp-content\/uploads\/2023\/11\/cropped-EI-300x66-1.png\",\"contentUrl\":\"https:\/\/energyintelligence.se\/shop\/wp-content\/uploads\/2023\/11\/cropped-EI-300x66-1.png\",\"width\":300,\"height\":66,\"caption\":\"Notima Energy Intelligence AB\"},\"image\":{\"@id\":\"https:\/\/energyintelligence.se\/shop\/#\/schema\/logo\/image\/\"}}]}<\/script>\n<!-- \/ Yoast SEO plugin. -->","yoast_head_json":{"title":"Elm\u00e4tare 1-fas Carlo Gavazzi - Energy Intelligence","description":"Elm\u00e4tare 1-fas Carlo Gavazzi EM111-S1 Modbus MID.Enfas elm\u00e4tare med bakgrundsbelyst LCD-display och inbyggd touchknappsats.","robots":{"index":"index","follow":"follow","max-snippet":"max-snippet:-1","max-image-preview":"max-image-preview:large","max-video-preview":"max-video-preview:-1"},"canonical":"https:\/\/energyintelligence.se\/shop\/product\/elmatare-1-fas-carlo-gavazzi\/","og_locale":"sv_SE","og_type":"article","og_title":"Elm\u00e4tare 1-fas Carlo Gavazzi - Energy Intelligence","og_description":"Elm\u00e4tare 1-fas Carlo Gavazzi EM111-S1 Modbus MID.Enfas elm\u00e4tare med bakgrundsbelyst LCD-display och inbyggd touchknappsats.","og_url":"https:\/\/energyintelligence.se\/shop\/product\/elmatare-1-fas-carlo-gavazzi\/","og_site_name":"Energy Intelligence","article_modified_time":"2025-12-19T10:25:34+00:00","og_image":[{"width":371,"height":433,"url":"https:\/\/energyintelligence.se\/shop\/wp-content\/uploads\/2025\/03\/elmatare-1-fas-carlo-gavazzi-em111-s1-modbus-EM111DINAV81XS1PFB.png","type":"image\/png"}],"twitter_card":"summary_large_image","twitter_misc":{"Ber\u00e4knad l\u00e4stid":"1 minut"},"schema":{"@context":"https:\/\/schema.org","@graph":[{"@type":"WebPage","@id":"https:\/\/energyintelligence.se\/shop\/product\/elmatare-1-fas-carlo-gavazzi\/","url":"https:\/\/energyintelligence.se\/shop\/product\/elmatare-1-fas-carlo-gavazzi\/","name":"Elm\u00e4tare 1-fas Carlo Gavazzi - Energy Intelligence","isPartOf":{"@id":"https:\/\/energyintelligence.se\/shop\/#website"},"datePublished":"2025-03-25T09:30:27+00:00","dateModified":"2025-12-19T10:25:34+00:00","description":"Elm\u00e4tare 1-fas Carlo Gavazzi EM111-S1 Modbus MID.Enfas elm\u00e4tare med bakgrundsbelyst LCD-display och inbyggd touchknappsats.","breadcrumb":{"@id":"https:\/\/energyintelligence.se\/shop\/product\/elmatare-1-fas-carlo-gavazzi\/#breadcrumb"},"inLanguage":"sv-SE","potentialAction":[{"@type":"ReadAction","target":["https:\/\/energyintelligence.se\/shop\/product\/elmatare-1-fas-carlo-gavazzi\/"]}]},{"@type":"BreadcrumbList","@id":"https:\/\/energyintelligence.se\/shop\/product\/elmatare-1-fas-carlo-gavazzi\/#breadcrumb","itemListElement":[{"@type":"ListItem","position":1,"name":"Hem","item":"https:\/\/energyintelligence.se\/shop\/"},{"@type":"ListItem","position":2,"name":"Ta kontroll \u00f6ver din elf\u00f6rbrukning helt utan abonnemang eller till\u00e4ggstj\u00e4nster","item":"https:\/\/energyintelligence.se\/shop\/"},{"@type":"ListItem","position":3,"name":"Elm\u00e4tare 1-fas Carlo Gavazzi"}]},{"@type":"WebSite","@id":"https:\/\/energyintelligence.se\/shop\/#website","url":"https:\/\/energyintelligence.se\/shop\/","name":"Energy Intelligence","description":"Ta kontroll \u00f6ver din elf\u00f6rbrukning","publisher":{"@id":"https:\/\/energyintelligence.se\/shop\/#organization"},"potentialAction":[{"@type":"SearchAction","target":{"@type":"EntryPoint","urlTemplate":"https:\/\/energyintelligence.se\/shop\/?s={search_term_string}"},"query-input":"required name=search_term_string"}],"inLanguage":"sv-SE"},{"@type":"Organization","@id":"https:\/\/energyintelligence.se\/shop\/#organization","name":"Notima Energy Intelligence AB","url":"https:\/\/energyintelligence.se\/shop\/","logo":{"@type":"ImageObject","inLanguage":"sv-SE","@id":"https:\/\/energyintelligence.se\/shop\/#\/schema\/logo\/image\/","url":"https:\/\/energyintelligence.se\/shop\/wp-content\/uploads\/2023\/11\/cropped-EI-300x66-1.png","contentUrl":"https:\/\/energyintelligence.se\/shop\/wp-content\/uploads\/2023\/11\/cropped-EI-300x66-1.png","width":300,"height":66,"caption":"Notima Energy Intelligence AB"},"image":{"@id":"https:\/\/energyintelligence.se\/shop\/#\/schema\/logo\/image\/"}}]}},"_links":{"self":[{"href":"https:\/\/energyintelligence.se\/shop\/wp-json\/wp\/v2\/product\/3037"}],"collection":[{"href":"https:\/\/energyintelligence.se\/shop\/wp-json\/wp\/v2\/product"}],"about":[{"href":"https:\/\/energyintelligence.se\/shop\/wp-json\/wp\/v2\/types\/product"}],"wp:featuredmedia":[{"embeddable":true,"href":"https:\/\/energyintelligence.se\/shop\/wp-json\/wp\/v2\/media\/3038"}],"wp:attachment":[{"href":"https:\/\/energyintelligence.se\/shop\/wp-json\/wp\/v2\/media?parent=3037"}],"wp:term":[{"taxonomy":"product_cat","embeddable":true,"href":"https:\/\/energyintelligence.se\/shop\/wp-json\/wp\/v2\/product_cat?post=3037"},{"taxonomy":"product_tag","embeddable":true,"href":"https:\/\/energyintelligence.se\/shop\/wp-json\/wp\/v2\/product_tag?post=3037"}],"curies":[{"name":"wp","href":"https:\/\/api.w.org\/{rel}","templated":true}]}}